Last updated on 2024-04-18 12:53:00 CEST.
Flavor | Version | Tinstall | Tcheck | Ttotal | Status | Flags |
---|---|---|---|---|---|---|
r-devel-linux-x86_64-debian-clang | 0.2.10 | 4.62 | 184.67 | 189.29 | OK | |
r-devel-linux-x86_64-debian-gcc | 0.2.10 | 3.59 | 135.74 | 139.33 | OK | |
r-devel-linux-x86_64-fedora-clang | 0.2.10 | 242.45 | NOTE | |||
r-devel-linux-x86_64-fedora-gcc | 0.2.10 | 246.13 | OK | |||
r-prerel-macos-arm64 | 0.2.10 | 72.00 | OK | |||
r-prerel-windows-x86_64 | 0.2.10 | 5.00 | 147.00 | 152.00 | OK | |
r-patched-linux-x86_64 | 0.2.10 | 10.75 | 172.72 | 183.47 | OK | |
r-release-linux-x86_64 | 0.2.10 | 5.13 | 179.17 | 184.30 | OK | |
r-release-macos-arm64 | 0.2.10 | 68.00 | OK | |||
r-release-macos-x86_64 | 0.2.10 | 112.00 | OK | |||
r-release-windows-x86_64 | 0.2.10 | 9.00 | 186.00 | 195.00 | OK | |
r-oldrel-macos-arm64 | 0.2.10 | 64.00 | OK | |||
r-oldrel-windows-x86_64 | 0.2.10 | 8.00 | 182.00 | 190.00 | OK |
Version: 0.2.10
Check: Rd cross-references
Result: NOTE
Undeclared package ‘qgraph’ in Rd xrefs
Flavor: r-devel-linux-x86_64-fedora-clang