CRAN Package Check Results for Package seleniumPipes

Last updated on 2024-04-12 12:53:44 CEST.

Flavor Version Tinstall Tcheck Ttotal Status Flags
r-devel-linux-x86_64-debian-clang 0.3.7 5.72 56.81 62.53 NOTE
r-devel-linux-x86_64-debian-gcc 0.3.7 4.31 41.13 45.44 NOTE
r-devel-linux-x86_64-fedora-clang 0.3.7 75.07 NOTE
r-devel-linux-x86_64-fedora-gcc 0.3.7 85.60 NOTE
r-devel-windows-x86_64 0.3.7 7.00 76.00 83.00 NOTE
r-patched-linux-x86_64 0.3.7 11.49 52.70 64.19 NOTE
r-release-linux-x86_64 0.3.7 5.33 50.95 56.28 OK
r-release-macos-arm64 0.3.7 32.00 OK
r-release-macos-x86_64 0.3.7 45.00 OK
r-release-windows-x86_64 0.3.7 8.00 82.00 90.00 OK
r-oldrel-macos-arm64 0.3.7 23.00 OK
r-oldrel-windows-x86_64 0.3.7 8.00 72.00 80.00 OK

Check Details

Version: 0.3.7
Check: Rd files
Result: NOTE checkRd: (-1) findElement.Rd:13: Lost braces; missing escapes or markup? 13 | \item{using}{Locator scheme to use to search the element, available schemes: {"class name", "css selector", "id", "name", "link text", "partial link text", "tag name", "xpath" }. Defaults to 'xpath'. Partial string matching is accepted.} | ^ checkRd: (-1) findElementFromElement.Rd:14: Lost braces; missing escapes or markup? 14 | \item{using}{Locator scheme to use to search the element, available schemes: {"class name", "css selector", "id", "name", "link text", "partial link text", "tag name", "xpath" }. Defaults to 'xpath'. Partial string matching is accepted.} | ^ checkRd: (-1) findElements.Rd:13: Lost braces; missing escapes or markup? 13 | \item{using}{Locator scheme to use to search the element, available schemes: {"class name", "css selector", "id", "name", "link text", "partial link text", "tag name", "xpath" }. Defaults to 'xpath'. Partial string matching is accepted.} | ^ checkRd: (-1) findElementsFromElement.Rd:14: Lost braces; missing escapes or markup? 14 | \item{using}{Locator scheme to use to search the element, available schemes: {"class name", "css selector", "id", "name", "link text", "partial link text", "tag name", "xpath" }. Defaults to 'xpath'. Partial string matching is accepted.} | ^ checkRd: (-1) remoteDr.Rd:19: Lost braces; missing escapes or markup? 19 | choices include {chrome|firefox|internet explorer|iphone|htmlunit}. Defaults to firefox.} | ^ checkRd: (-1) remoteDr.Rd:23: Lost braces; missing escapes or markup? 23 | \item{platform}{Object of class \code{"character"}. A key specifying which platform the browser is running on. This value should be one of {WINDOWS|XP|VISTA|MAC|LINUX|UNIX}. When requesting a new session, | ^ Flavors: r-devel-linux-x86_64-debian-clang, r-devel-linux-x86_64-debian-gcc, r-devel-linux-x86_64-fedora-clang, r-devel-linux-x86_64-fedora-gcc, r-devel-windows-x86_64, r-patched-linux-x86_64