Last updated on 2025-04-29 12:52:49 CEST.
Flavor | Version | Tinstall | Tcheck | Ttotal | Status | Flags |
---|---|---|---|---|---|---|
r-devel-linux-x86_64-debian-clang | 1.1 | 1.84 | 20.69 | 22.53 | NOTE | |
r-devel-linux-x86_64-debian-gcc | 1.1 | 1.49 | 16.47 | 17.96 | NOTE | |
r-devel-linux-x86_64-fedora-clang | 1.1 | 34.94 | OK | |||
r-devel-linux-x86_64-fedora-gcc | 1.1 | 32.68 | OK | |||
r-devel-windows-x86_64 | 1.1 | 3.00 | 41.00 | 44.00 | OK | |
r-patched-linux-x86_64 | 1.1 | 1.86 | 19.63 | 21.49 | OK | |
r-release-linux-x86_64 | 1.1 | 1.86 | 19.93 | 21.79 | OK | |
r-release-macos-arm64 | 1.1 | 19.00 | OK | |||
r-release-macos-x86_64 | 1.1 | 25.00 | OK | |||
r-release-windows-x86_64 | 1.1 | 3.00 | 45.00 | 48.00 | OK | |
r-oldrel-macos-arm64 | 1.1 | 16.00 | OK | |||
r-oldrel-macos-x86_64 | 1.1 | 22.00 | OK | |||
r-oldrel-windows-x86_64 | 1.1 | 2.00 | 41.00 | 43.00 | OK |
Version: 1.1
Check: CRAN incoming feasibility
Result: NOTE
Maintainer: ‘Qingyuan Zhao <qingyzhao@gmail.com>’
No Authors@R field in DESCRIPTION.
Please add one, modifying
Authors@R: c(person(given = "Hera",
family = "He",
role = "aut"),
person(given = "Murat",
family = "Erdogdu",
role = "aut"),
person(given = "Qingyuan",
family = "Zhao",
role = c("aut", "cre"),
email = "qingyzhao@gmail.com"))
as necessary.
Flavors: r-devel-linux-x86_64-debian-clang, r-devel-linux-x86_64-debian-gcc