CRAN Package Check Results for Package segRDA

Last updated on 2025-04-29 12:52:49 CEST.

Flavor Version Tinstall Tcheck Ttotal Status Flags
r-devel-linux-x86_64-debian-clang 1.0.2 7.48 81.78 89.26 NOTE
r-devel-linux-x86_64-debian-gcc 1.0.2 5.12 58.33 63.45 NOTE
r-devel-linux-x86_64-fedora-clang 1.0.2 140.20 OK
r-devel-linux-x86_64-fedora-gcc 1.0.2 145.45 OK
r-devel-windows-x86_64 1.0.2 8.00 88.00 96.00 OK
r-patched-linux-x86_64 1.0.2 7.11 76.25 83.36 OK
r-release-linux-x86_64 1.0.2 7.45 74.93 82.38 OK
r-release-macos-arm64 1.0.2 48.00 OK
r-release-macos-x86_64 1.0.2 89.00 OK
r-release-windows-x86_64 1.0.2 8.00 93.00 101.00 OK
r-oldrel-macos-arm64 1.0.2 43.00 OK
r-oldrel-macos-x86_64 1.0.2 68.00 OK
r-oldrel-windows-x86_64 1.0.2 10.00 108.00 118.00 OK

Check Details

Version: 1.0.2
Check: CRAN incoming feasibility
Result: NOTE Maintainer: ‘Danilo C Vieira <vieiradc@yahoo.com.br>’ No Authors@R field in DESCRIPTION. Please add one, modifying Authors@R: c(person(given = c("Danilo", "C"), family = "Vieira", role = c("aut", "cre"), email = "vieiradc@yahoo.com.br"), person(given = "Gustavo", family = "Fonseca", role = "aut", email = "gfonseca.unifesp@gmail.com"), person(given = c("Fabio", "Cop"), family = "Ferreira", role = "aut", email = "fabiocferreira.unifesp@gmail.com"), person(given = c("with", "contributions", "from", "Marco", "Colossi"), family = "Brustolin.", role = "aut")) as necessary. Flavors: r-devel-linux-x86_64-debian-clang, r-devel-linux-x86_64-debian-gcc