Last updated on 2024-04-25 08:00:07 CEST.
Flavor | Version | Tinstall | Tcheck | Ttotal | Status | Flags |
---|---|---|---|---|---|---|
r-devel-linux-x86_64-debian-clang | 1.1.5 | 8.91 | 90.74 | 99.65 | OK | |
r-devel-linux-x86_64-debian-gcc | 1.1.5 | 6.53 | 68.85 | 75.38 | OK | |
r-devel-linux-x86_64-fedora-clang | 1.1.5 | 129.51 | OK | |||
r-devel-linux-x86_64-fedora-gcc | 1.1.5 | 133.95 | OK | |||
r-devel-windows-x86_64 | 1.1.5 | 10.00 | 84.00 | 94.00 | OK | |
r-patched-linux-x86_64 | 1.1.5 | 4.65 | 86.99 | 91.64 | OK | |
r-release-linux-x86_64 | 1.1.5 | 8.13 | 87.35 | 95.48 | OK | |
r-release-macos-arm64 | 1.1.5 | 52.00 | NOTE | |||
r-release-macos-x86_64 | 1.1.5 | 82.00 | OK | |||
r-release-windows-x86_64 | 1.1.5 | 8.00 | 85.00 | 93.00 | OK | |
r-oldrel-macos-arm64 | 1.1.5 | 58.00 | NOTE | |||
r-oldrel-macos-x86_64 | 1.1.5 | 88.00 | NOTE | |||
r-oldrel-windows-x86_64 | 1.1.5 | 11.00 | 95.00 | 106.00 | OK |
Version: 1.1.5
Check: package dependencies
Result: NOTE
Package suggested but not available for checking: ‘org.Mm.eg.db’
Flavor: r-release-macos-arm64
Version: 1.1.5
Check: package dependencies
Result: NOTE
Package suggested but not available for checking: ‘ArrayExpress’
Flavor: r-oldrel-macos-arm64
Version: 1.1.5
Check: Rd cross-references
Result: NOTE
Package unavailable to check Rd xrefs: ‘ArrayExpress’
Flavors: r-oldrel-macos-arm64, r-oldrel-macos-x86_64
Version: 1.1.5
Check: package dependencies
Result: NOTE
Packages suggested but not available for checking:
'ArrayExpress', 'org.Mm.eg.db'
Flavor: r-oldrel-macos-x86_64