Last updated on 2022-06-28 12:52:36 CEST.
Flavor | Version | Tinstall | Tcheck | Ttotal | Status | Flags |
---|---|---|---|---|---|---|
r-devel-linux-x86_64-debian-clang | 0.9.1 | 6.18 | 75.23 | 81.41 | OK | |
r-devel-linux-x86_64-debian-gcc | 0.9.1 | 7.04 | 55.67 | 62.71 | OK | |
r-devel-linux-x86_64-fedora-clang | 0.9.1 | 114.29 | NOTE | |||
r-devel-linux-x86_64-fedora-gcc | 0.9.1 | 117.70 | NOTE | |||
r-devel-windows-x86_64 | 0.9.1 | 41.00 | 104.00 | 145.00 | OK | |
r-patched-linux-x86_64 | 0.9.1 | 11.17 | 71.59 | 82.76 | OK | |
r-release-linux-x86_64 | 0.9.1 | 5.16 | 70.76 | 75.92 | OK | |
r-release-macos-arm64 | 0.9.1 | 30.00 | NOTE | |||
r-release-macos-x86_64 | 0.9.1 | 51.00 | NOTE | |||
r-release-windows-x86_64 | 0.9.1 | 45.00 | 103.00 | 148.00 | OK | |
r-oldrel-macos-arm64 | 0.9.1 | 42.00 | NOTE | |||
r-oldrel-macos-x86_64 | 0.9.1 | 60.00 | NOTE | |||
r-oldrel-windows-ix86+x86_64 | 0.9.1 | 18.00 | 99.00 | 117.00 | OK |
Version: 0.9.1
Check: package dependencies
Result: NOTE
Package suggested but not available for checking: ‘rsbml’
Flavors: r-devel-linux-x86_64-fedora-clang, r-devel-linux-x86_64-fedora-gcc, r-release-macos-arm64, r-release-macos-x86_64, r-oldrel-macos-arm64, r-oldrel-macos-x86_64