CRAN Package Check Results for Package seedreg

Last updated on 2022-06-25 10:53:14 CEST.

Flavor Version Tinstall Tcheck Ttotal Status Flags
r-devel-linux-x86_64-debian-clang 1.0.2 13.94 120.12 134.06 NOTE
r-devel-linux-x86_64-debian-gcc 1.0.2 11.08 89.08 100.16 NOTE
r-devel-linux-x86_64-fedora-clang 1.0.2 166.55 WARN
r-devel-linux-x86_64-fedora-gcc 1.0.2 166.55 WARN
r-devel-windows-x86_64 1.0.2 24.00 140.00 164.00 NOTE
r-patched-linux-x86_64 1.0.2 13.44 111.83 125.27 OK
r-release-linux-x86_64 1.0.2 11.49 113.36 124.85 OK
r-release-macos-arm64 1.0.2 44.00 OK
r-release-macos-x86_64 1.0.2 80.00 OK
r-release-windows-x86_64 1.0.2 19.00 139.00 158.00 OK
r-oldrel-macos-arm64 1.0.2 53.00 OK
r-oldrel-macos-x86_64 1.0.2 62.00 OK
r-oldrel-windows-ix86+x86_64 1.0.2 31.00 133.00 164.00 OK

Check Details

Version: 1.0.2
Check: Rd files
Result: NOTE
    checkRd: (-1) BC_model.Rd:108: Escaped LaTeX specials: \&
    checkRd: (-1) CD_model.Rd:109: Escaped LaTeX specials: \&
    checkRd: (-1) LL_model.Rd:107: Escaped LaTeX specials: \&
Flavors: r-devel-linux-x86_64-debian-clang, r-devel-linux-x86_64-debian-gcc, r-devel-linux-x86_64-fedora-clang, r-devel-linux-x86_64-fedora-gcc, r-devel-windows-x86_64

Version: 1.0.2
Check: package dependencies
Result: WARN
    Requires (indirectly) orphaned package: ‘gtools’
Flavors: r-devel-linux-x86_64-fedora-clang, r-devel-linux-x86_64-fedora-gcc