CRAN Package Check Results for Package secsse

Last updated on 2022-12-03 12:57:27 CET.

Flavor Version Tinstall Tcheck Ttotal Status Flags
r-devel-linux-x86_64-debian-clang 2.1.7 6.32 236.28 242.60 OK
r-devel-linux-x86_64-debian-gcc 2.1.7 5.40 180.72 186.12 OK
r-devel-linux-x86_64-fedora-clang 2.1.7 303.83 OK
r-devel-linux-x86_64-fedora-gcc 2.1.7 296.20 OK
r-devel-windows-x86_64 2.1.7 15.00 286.00 301.00 NOTE
r-patched-linux-x86_64 2.1.7 6.19 240.31 246.50 OK
r-release-linux-x86_64 2.1.7 4.91 234.48 239.39 OK
r-release-macos-arm64 2.1.7 64.00 OK
r-release-macos-x86_64 2.1.7 155.00 OK
r-release-windows-x86_64 2.1.7 19.00 302.00 321.00 NOTE
r-oldrel-macos-arm64 2.1.7 87.00 OK
r-oldrel-macos-x86_64 2.1.7 116.00 OK
r-oldrel-windows-ix86+x86_64 2.1.7 20.00 449.00 469.00 NOTE

Check Details

Version: 2.1.7
Check: package dependencies
Result: NOTE
    Package which this enhances but not available for checking: 'doMC'
Flavors: r-devel-windows-x86_64, r-release-windows-x86_64, r-oldrel-windows-ix86+x86_64