Last updated on 2024-04-19 11:57:00 CEST.
Flavor | Version | Tinstall | Tcheck | Ttotal | Status | Flags |
---|---|---|---|---|---|---|
r-devel-linux-x86_64-debian-clang | 4.6.6 | 447.38 | 687.53 | 1134.91 | NOTE | |
r-devel-linux-x86_64-debian-gcc | 4.6.6 | NOTE | ||||
r-devel-linux-x86_64-fedora-clang | 4.6.6 | 1499.92 | NOTE | |||
r-devel-linux-x86_64-fedora-gcc | 4.6.6 | 1506.26 | NOTE | |||
r-prerel-macos-arm64 | 4.6.6 | 288.00 | NOTE | |||
r-prerel-macos-x86_64 | 4.6.6 | 746.00 | NOTE | |||
r-prerel-windows-x86_64 | 4.6.6 | 401.00 | 546.00 | 947.00 | NOTE | |
r-patched-linux-x86_64 | 4.6.6 | 460.91 | 660.99 | 1121.90 | NOTE | |
r-release-linux-x86_64 | 4.6.6 | 464.12 | 654.16 | 1118.28 | NOTE | |
r-release-macos-arm64 | 4.6.6 | 304.00 | NOTE | |||
r-release-macos-x86_64 | 4.6.6 | 642.00 | NOTE | |||
r-release-windows-x86_64 | 4.6.6 | 506.00 | 732.00 | 1238.00 | NOTE | |
r-oldrel-macos-arm64 | 4.6.6 | 291.00 | NOTE | |||
r-oldrel-windows-x86_64 | 4.6.6 | 460.00 | 681.00 | 1141.00 | NOTE |
Version: 4.6.6
Check: for GNU extensions in Makefiles
Result: NOTE
GNU make is a SystemRequirements.
Flavors: r-devel-linux-x86_64-debian-clang, r-devel-linux-x86_64-debian-gcc, r-devel-linux-x86_64-fedora-clang, r-devel-linux-x86_64-fedora-gcc, r-prerel-macos-arm64, r-prerel-macos-x86_64, r-prerel-windows-x86_64, r-patched-linux-x86_64, r-release-linux-x86_64, r-release-macos-arm64, r-release-macos-x86_64, r-release-windows-x86_64, r-oldrel-macos-arm64, r-oldrel-windows-x86_64
Version: 4.6.6
Check: installed package size
Result: NOTE
installed size is 18.3Mb
sub-directories of 1Mb or more:
R 2.0Mb
libs 14.5Mb
Flavors: r-prerel-macos-arm64, r-prerel-macos-x86_64, r-prerel-windows-x86_64, r-release-macos-arm64, r-release-macos-x86_64, r-release-windows-x86_64, r-oldrel-macos-arm64, r-oldrel-windows-x86_64