Last updated on 2024-08-31 11:49:39 CEST.
Flavor | Version | Tinstall | Tcheck | Ttotal | Status | Flags |
---|---|---|---|---|---|---|
r-devel-linux-x86_64-debian-clang | 0.3.15 | 11.67 | 354.20 | 365.87 | NOTE | |
r-devel-linux-x86_64-debian-gcc | 0.3.15 | 8.27 | 195.20 | 203.47 | NOTE | |
r-devel-linux-x86_64-fedora-clang | 0.3.15 | 587.99 | OK | |||
r-devel-linux-x86_64-fedora-gcc | 0.3.15 | 553.57 | OK | |||
r-devel-windows-x86_64 | 0.3.15 | 16.00 | 300.00 | 316.00 | NOTE | |
r-patched-linux-x86_64 | 0.3.15 | 11.57 | 330.07 | 341.64 | OK | |
r-release-linux-x86_64 | 0.3.15 | 11.17 | 325.61 | 336.78 | OK | |
r-release-macos-arm64 | 0.3.15 | 128.00 | OK | |||
r-release-macos-x86_64 | 0.3.15 | 219.00 | OK | |||
r-release-windows-x86_64 | 0.3.15 | 15.00 | 312.00 | 327.00 | OK | |
r-oldrel-macos-arm64 | 0.3.15 | 131.00 | OK | |||
r-oldrel-macos-x86_64 | 0.3.15 | 266.00 | OK | |||
r-oldrel-windows-x86_64 | 0.3.15 | 17.00 | 430.00 | 447.00 | OK |
Version: 0.3.15
Check: Rd cross-references
Result: NOTE
Found the following Rd file(s) with Rd \link{} targets missing package
anchors:
casecross.Rd: coxph
Please provide package anchors for all Rd \link{} targets not in the
package itself and the base packages.
Flavors: r-devel-linux-x86_64-debian-clang, r-devel-linux-x86_64-debian-gcc, r-devel-windows-x86_64