CRAN Package Check Results for Package seas

Last updated on 2024-04-24 11:21:04 CEST.

Flavor Version Tinstall Tcheck Ttotal Status Flags
r-devel-linux-x86_64-debian-clang 0.6-0 8.41 67.72 76.13 NOTE
r-devel-linux-x86_64-debian-gcc 0.6-0 6.47 52.56 59.03 NOTE
r-devel-linux-x86_64-fedora-clang 0.6-0 95.24 NOTE
r-devel-linux-x86_64-fedora-gcc 0.6-0 95.75 NOTE
r-devel-windows-x86_64 0.6-0 10.00 88.00 98.00 NOTE
r-patched-linux-x86_64 0.6-0 8.71 66.24 74.95 NOTE
r-release-linux-x86_64 0.6-0 7.39 68.46 75.85 OK
r-release-macos-arm64 0.6-0 30.00 OK
r-release-windows-x86_64 0.6-0 9.00 85.00 94.00 NOTE
r-oldrel-macos-arm64 0.6-0 30.00 OK
r-oldrel-macos-x86_64 0.6-0 47.00 OK
r-oldrel-windows-x86_64 0.6-0 13.00 91.00 104.00 OK

Check Details

Version: 0.6-0
Check: Rd files
Result: NOTE checkRd: (-1) seas.check.Rd:48-49: Lost braces in \itemize; meant \describe ? checkRd: (-1) seas.check.Rd:50: Lost braces in \itemize; meant \describe ? checkRd: (-1) seas.check.Rd:51: Lost braces in \itemize; meant \describe ? checkRd: (-1) seas.check.Rd:52-54: Lost braces in \itemize; meant \describe ? checkRd: (-1) seas.check.Rd:55: Lost braces in \itemize; meant \describe ? checkRd: (-1) seas.check.Rd:56: Lost braces in \itemize; meant \describe ? checkRd: (-1) seas.check.Rd:57: Lost braces in \itemize; meant \describe ? checkRd: (-1) seas.check.Rd:58: Lost braces in \itemize; meant \describe ? Flavors: r-devel-linux-x86_64-debian-clang, r-devel-linux-x86_64-debian-gcc, r-devel-linux-x86_64-fedora-clang, r-devel-linux-x86_64-fedora-gcc, r-devel-windows-x86_64, r-patched-linux-x86_64, r-release-windows-x86_64

Version: 0.6-0
Check: data for non-ASCII characters
Result: NOTE Note: found 3 marked UTF-8 strings Flavors: r-devel-linux-x86_64-fedora-clang, r-devel-linux-x86_64-fedora-gcc