Last updated on 2022-06-29 11:52:21 CEST.
Flavor | Version | Tinstall | Tcheck | Ttotal | Status | Flags |
---|---|---|---|---|---|---|
r-devel-linux-x86_64-debian-clang | 1.1.0 | 163.64 | 59.44 | 223.08 | OK | |
r-devel-linux-x86_64-debian-gcc | 1.1.0 | 138.25 | 44.33 | 182.58 | OK | |
r-devel-linux-x86_64-fedora-clang | 1.1.0 | 358.53 | OK | |||
r-devel-linux-x86_64-fedora-gcc | 1.1.0 | 318.49 | OK | |||
r-devel-windows-x86_64 | 1.1.0 | 132.00 | 114.00 | 246.00 | OK | |
r-patched-linux-x86_64 | 1.1.0 | 143.22 | 57.18 | 200.40 | OK | |
r-release-linux-x86_64 | 1.1.0 | 147.40 | 57.78 | 205.18 | OK | |
r-release-macos-arm64 | 1.1.0 | 78.00 | NOTE | |||
r-release-macos-x86_64 | 1.1.0 | 97.00 | NOTE | |||
r-release-windows-x86_64 | 1.1.0 | 139.00 | 111.00 | 250.00 | OK | |
r-oldrel-macos-arm64 | 1.1.0 | 81.00 | NOTE | |||
r-oldrel-macos-x86_64 | 1.1.0 | 145.00 | NOTE | |||
r-oldrel-windows-ix86+x86_64 | 1.1.0 | 424.00 | 124.00 | 548.00 | OK |
Version: 1.1.0
Check: installed package size
Result: NOTE
installed size is 5.7Mb
sub-directories of 1Mb or more:
libs 5.0Mb
Flavors: r-release-macos-arm64, r-release-macos-x86_64, r-oldrel-macos-arm64, r-oldrel-macos-x86_64