CRAN Package Check Results for Package sdcSpatial

Last updated on 2024-03-03 11:54:46 CET.

Flavor Version Tinstall Tcheck Ttotal Status Flags
r-devel-linux-x86_64-debian-clang 0.5.2 3.68 107.70 111.38 OK
r-devel-linux-x86_64-debian-gcc 0.5.2 2.73 82.46 85.19 OK
r-devel-linux-x86_64-fedora-clang 0.5.2 134.20 OK
r-devel-linux-x86_64-fedora-gcc 0.5.2 139.36 OK
r-devel-windows-x86_64 0.5.2 4.00 110.00 114.00 OK
r-patched-linux-x86_64 0.5.2 6.24 105.38 111.62 OK
r-release-linux-x86_64 0.5.2 3.77 106.49 110.26 OK
r-release-macos-arm64 0.5.2 44.00 ERROR
r-release-macos-x86_64 0.5.2 66.00 ERROR
r-release-windows-x86_64 0.5.2 5.00 131.00 136.00 OK
r-oldrel-macos-arm64 0.5.2 31.00 OK
r-oldrel-windows-x86_64 0.5.2 5.00 127.00 132.00 OK

Check Details

Version: 0.5.2
Check: re-building of vignette outputs
Result: ERROR Error(s) in re-building vignettes: ... --- re-building ‘sdcSpatial.Rmd’ using rmarkdown Quitting from lines 190-192 (sdcSpatial.Rmd) Error: processing vignette 'sdcSpatial.Rmd' failed with diagnostics: different crs --- failed re-building ‘sdcSpatial.Rmd’ SUMMARY: processing the following file failed: ‘sdcSpatial.Rmd’ Error: Vignette re-building failed. Execution halted Flavor: r-release-macos-arm64

Version: 0.5.2
Check: re-building of vignette outputs
Result: ERROR Error(s) in re-building vignettes: ... --- re-building ‘sdcSpatial.Rmd’ using rmarkdown Pandoc is required to build R Markdown vignettes but not available. Please make sure it is installed. Quitting from lines 190-192 (sdcSpatial.Rmd) Error: processing vignette 'sdcSpatial.Rmd' failed with diagnostics: different crs --- failed re-building ‘sdcSpatial.Rmd’ SUMMARY: processing the following file failed: ‘sdcSpatial.Rmd’ Error: Vignette re-building failed. Execution halted Flavor: r-release-macos-x86_64