Last updated on 2022-06-25 10:53:14 CEST.
Flavor | Version | Tinstall | Tcheck | Ttotal | Status | Flags |
---|---|---|---|---|---|---|
r-devel-linux-x86_64-debian-clang | 5.6.1 | 72.33 | 247.16 | 319.49 | OK | |
r-devel-linux-x86_64-debian-gcc | 5.6.1 | 58.36 | 163.31 | 221.67 | OK | |
r-devel-linux-x86_64-fedora-clang | 5.6.1 | 408.66 | OK | |||
r-devel-linux-x86_64-fedora-gcc | 5.6.1 | 354.56 | OK | |||
r-devel-windows-x86_64 | 5.6.1 | 202.00 | 304.00 | 506.00 | OK | |
r-patched-linux-x86_64 | 5.6.1 | 66.47 | 203.31 | 269.78 | OK | |
r-release-linux-x86_64 | 5.6.1 | 66.85 | 202.56 | 269.41 | OK | |
r-release-macos-arm64 | 5.6.1 | 93.00 | OK | |||
r-release-macos-x86_64 | 5.6.1 | 159.00 | OK | |||
r-release-windows-x86_64 | 5.6.1 | 188.00 | 298.00 | 486.00 | OK | |
r-oldrel-macos-arm64 | 5.6.1 | 80.00 | NOTE | |||
r-oldrel-macos-x86_64 | 5.6.1 | 121.00 | OK | |||
r-oldrel-windows-ix86+x86_64 | 5.6.1 | 173.00 | 370.00 | 543.00 | NOTE |
Version: 5.6.1
Check: installed package size
Result: NOTE
installed size is 5.2Mb
sub-directories of 1Mb or more:
libs 2.2Mb
Flavors: r-oldrel-macos-arm64, r-oldrel-windows-ix86+x86_64