Last updated on 2022-06-24 11:52:19 CEST.
Flavor | Version | Tinstall | Tcheck | Ttotal | Status | Flags |
---|---|---|---|---|---|---|
r-devel-linux-x86_64-debian-clang | 0.1.0 | 4.85 | 47.89 | 52.74 | OK | |
r-devel-linux-x86_64-debian-gcc | 0.1.0 | 4.27 | 36.26 | 40.53 | OK | |
r-devel-linux-x86_64-fedora-clang | 0.1.0 | 73.63 | NOTE | |||
r-devel-linux-x86_64-fedora-gcc | 0.1.0 | 72.15 | NOTE | |||
r-devel-windows-x86_64 | 0.1.0 | 22.00 | 73.00 | 95.00 | OK | |
r-patched-linux-x86_64 | 0.1.0 | 5.69 | 44.46 | 50.15 | OK | |
r-release-linux-x86_64 | 0.1.0 | 5.39 | 44.25 | 49.64 | OK | |
r-release-macos-arm64 | 0.1.0 | 23.00 | NOTE | |||
r-release-macos-x86_64 | 0.1.0 | 39.00 | NOTE | |||
r-release-windows-x86_64 | 0.1.0 | 16.00 | 71.00 | 87.00 | OK | |
r-oldrel-macos-arm64 | 0.1.0 | 26.00 | NOTE | |||
r-oldrel-macos-x86_64 | 0.1.0 | 31.00 | NOTE | |||
r-oldrel-windows-ix86+x86_64 | 0.1.0 | 14.00 | 63.00 | 77.00 | OK |
Version: 0.1.0
Check: data for non-ASCII characters
Result: NOTE
Note: found 1 marked UTF-8 string
Flavors: r-devel-linux-x86_64-fedora-clang, r-devel-linux-x86_64-fedora-gcc, r-release-macos-arm64, r-release-macos-x86_64, r-oldrel-macos-arm64, r-oldrel-macos-x86_64