Last updated on 2024-04-18 12:53:00 CEST.
Flavor | Version | Tinstall | Tcheck | Ttotal | Status | Flags |
---|---|---|---|---|---|---|
r-devel-linux-x86_64-debian-clang | 1.1.4 | 10.12 | 393.88 | 404.00 | NOTE | |
r-devel-linux-x86_64-debian-gcc | 1.1.4 | 8.25 | 295.05 | 303.30 | NOTE | |
r-devel-linux-x86_64-fedora-clang | 1.1.4 | 497.25 | NOTE | |||
r-devel-linux-x86_64-fedora-gcc | 1.1.4 | 514.54 | NOTE | |||
r-prerel-macos-arm64 | 1.1.4 | 177.00 | NOTE | |||
r-prerel-windows-x86_64 | 1.1.4 | 9.00 | 335.00 | 344.00 | NOTE | |
r-patched-linux-x86_64 | 1.1.4 | 11.30 | 370.28 | 381.58 | NOTE | |
r-release-linux-x86_64 | 1.1.4 | 8.84 | 378.19 | 387.03 | OK | |
r-release-macos-arm64 | 1.1.4 | 199.00 | OK | |||
r-release-macos-x86_64 | 1.1.4 | 283.00 | OK | |||
r-release-windows-x86_64 | 1.1.4 | 9.00 | 418.00 | 427.00 | OK | |
r-oldrel-macos-arm64 | 1.1.4 | 179.00 | OK | |||
r-oldrel-windows-x86_64 | 1.1.4 | 13.00 | 448.00 | 461.00 | OK |
Version: 1.1.4
Check: Rd files
Result: NOTE
checkRd: (-1) cln.Rd:27: Lost braces
27 | case for text \code{1} for 1st uppercase, code{2} for lowercase, code{3} for uppercase (optional)
| ^
checkRd: (-1) cln.Rd:27: Lost braces
27 | case for text \code{1} for 1st uppercase, code{2} for lowercase, code{3} for uppercase (optional)
| ^
Flavors: r-devel-linux-x86_64-debian-clang, r-devel-linux-x86_64-debian-gcc, r-devel-linux-x86_64-fedora-clang, r-devel-linux-x86_64-fedora-gcc, r-prerel-macos-arm64, r-prerel-windows-x86_64, r-patched-linux-x86_64
Version: 1.1.4
Check: Rd cross-references
Result: NOTE
Undeclared package ‘tibble’ in Rd xrefs
Flavor: r-devel-linux-x86_64-fedora-clang