Last updated on 2022-07-06 12:53:46 CEST.
Flavor | Version | Tinstall | Tcheck | Ttotal | Status | Flags |
---|---|---|---|---|---|---|
r-devel-linux-x86_64-debian-clang | 3.0-0 | 9.91 | 26.16 | 36.07 | NOTE | |
r-devel-linux-x86_64-debian-gcc | 3.0-0 | 12.35 | 20.30 | 32.65 | NOTE | |
r-devel-linux-x86_64-fedora-clang | 3.0-0 | 55.72 | NOTE | |||
r-devel-linux-x86_64-fedora-gcc | 3.0-0 | 59.54 | NOTE | |||
r-devel-windows-x86_64 | 3.0-0 | 102.00 | 57.00 | 159.00 | NOTE | |
r-patched-linux-x86_64 | 3.0-0 | 11.29 | 25.22 | 36.51 | NOTE | |
r-release-linux-x86_64 | 3.0-0 | 11.14 | 25.05 | 36.19 | NOTE | |
r-release-macos-arm64 | 3.0-0 | 21.00 | NOTE | |||
r-release-macos-x86_64 | 3.0-0 | 29.00 | NOTE | |||
r-release-windows-x86_64 | 3.0-0 | 61.00 | 56.00 | 117.00 | NOTE | |
r-oldrel-macos-arm64 | 3.0-0 | 20.00 | NOTE | |||
r-oldrel-macos-x86_64 | 3.0-0 | 34.00 | NOTE | |||
r-oldrel-windows-ix86+x86_64 | 3.0-0 | 63.00 | 51.00 | 114.00 | NOTE |
Version: 3.0-0
Check: for GNU extensions in Makefiles
Result: NOTE
GNU make is a SystemRequirements.
Flavors: r-devel-linux-x86_64-debian-clang, r-devel-linux-x86_64-debian-gcc, r-devel-linux-x86_64-fedora-clang, r-devel-linux-x86_64-fedora-gcc, r-devel-windows-x86_64, r-patched-linux-x86_64, r-release-linux-x86_64, r-release-macos-arm64, r-release-macos-x86_64, r-release-windows-x86_64, r-oldrel-macos-arm64, r-oldrel-macos-x86_64, r-oldrel-windows-ix86+x86_64