Last updated on 2023-12-04 13:51:04 CET.
Flavor | Version | Tinstall | Tcheck | Ttotal | Status | Flags |
---|---|---|---|---|---|---|
r-devel-linux-x86_64-debian-clang | 0.2.0 | 1.80 | 23.27 | 25.07 | NOTE | |
r-devel-linux-x86_64-debian-gcc | 0.2.0 | 1.12 | 18.14 | 19.26 | NOTE | |
r-devel-linux-x86_64-fedora-clang | 0.2.0 | 33.19 | NOTE | |||
r-devel-linux-x86_64-fedora-gcc | 0.2.0 | 41.52 | NOTE | |||
r-devel-windows-x86_64 | 0.2.0 | 3.00 | 42.00 | 45.00 | NOTE | |
r-patched-linux-x86_64 | 0.2.0 | 2.01 | 21.92 | 23.93 | NOTE | |
r-release-linux-x86_64 | 0.2.0 | 1.37 | 22.07 | 23.44 | NOTE | |
r-release-macos-arm64 | 0.2.0 | 23.00 | NOTE | |||
r-release-macos-x86_64 | 0.2.0 | 30.00 | NOTE | |||
r-release-windows-x86_64 | 0.2.0 | 3.00 | 40.00 | 43.00 | NOTE | |
r-oldrel-macos-arm64 | 0.2.0 | 16.00 | NOTE | |||
r-oldrel-macos-x86_64 | 0.2.0 | 22.00 | NOTE | |||
r-oldrel-windows-x86_64 | 0.2.0 | 3.00 | 44.00 | 47.00 | NOTE |
Version: 0.2.0
Check: LazyData
Result: NOTE
'LazyData' is specified without a 'data' directory
Flavors: r-devel-linux-x86_64-debian-clang, r-devel-linux-x86_64-debian-gcc, r-devel-linux-x86_64-fedora-clang, r-devel-linux-x86_64-fedora-gcc, r-devel-windows-x86_64, r-patched-linux-x86_64, r-release-linux-x86_64, r-release-macos-arm64, r-release-macos-x86_64, r-release-windows-x86_64, r-oldrel-macos-arm64, r-oldrel-macos-x86_64, r-oldrel-windows-x86_64