CRAN Package Check Results for Package scriptloc

Last updated on 2024-02-27 11:50:02 CET.

Flavor Version Tinstall Tcheck Ttotal Status Flags
r-devel-linux-x86_64-debian-clang 1.0.0 1.70 23.46 25.16 NOTE
r-devel-linux-x86_64-debian-gcc 1.0.0 1.41 18.19 19.60 NOTE
r-devel-linux-x86_64-fedora-clang 1.0.0 34.01 NOTE
r-devel-linux-x86_64-fedora-gcc 1.0.0 41.93 NOTE
r-devel-windows-x86_64 1.0.0 3.00 41.00 44.00 OK
r-patched-linux-x86_64 1.0.0 2.22 22.73 24.95 OK
r-release-linux-x86_64 1.0.0 1.73 22.66 24.39 OK
r-release-macos-arm64 1.0.0 24.00 OK
r-release-macos-x86_64 1.0.0 49.00 OK
r-release-windows-x86_64 1.0.0 3.00 39.00 42.00 OK
r-oldrel-macos-arm64 1.0.0 18.00 OK
r-oldrel-windows-x86_64 1.0.0 4.00 44.00 48.00 OK

Check Details

Version: 1.0.0
Check: Rd files
Result: NOTE checkRd: (-1) scriptloc.Rd:5: Lost braces; missing escapes or markup? 5 | \title{Get location of script in a fashion analagous to ${BASH_SOURCE[0]}} | ^ Flavors: r-devel-linux-x86_64-debian-clang, r-devel-linux-x86_64-debian-gcc, r-devel-linux-x86_64-fedora-clang, r-devel-linux-x86_64-fedora-gcc