Last updated on 2023-12-07 11:49:48 CET.
Flavor | Version | Tinstall | Tcheck | Ttotal | Status | Flags |
---|---|---|---|---|---|---|
r-devel-linux-x86_64-debian-clang | 1.3.5 | 5.88 | 60.74 | 66.62 | NOTE | |
r-devel-linux-x86_64-debian-gcc | 1.3.5 | 5.64 | 47.20 | 52.84 | NOTE | |
r-devel-linux-x86_64-fedora-clang | 1.3.5 | 93.17 | NOTE | |||
r-devel-linux-x86_64-fedora-gcc | 1.3.5 | 82.30 | NOTE | |||
r-devel-windows-x86_64 | 1.3.5 | 6.00 | 70.00 | 76.00 | NOTE | |
r-patched-linux-x86_64 | 1.3.5 | 7.39 | 60.68 | 68.07 | NOTE | |
r-release-linux-x86_64 | 1.3.5 | 6.40 | 59.30 | 65.70 | NOTE | |
r-release-macos-arm64 | 1.3.5 | 24.00 | NOTE | |||
r-release-macos-x86_64 | 1.3.5 | 35.00 | NOTE | |||
r-release-windows-x86_64 | 1.3.5 | 6.00 | 79.00 | 85.00 | NOTE | |
r-oldrel-macos-arm64 | 1.3.5 | 27.00 | NOTE | |||
r-oldrel-macos-x86_64 | 1.3.5 | 35.00 | OK | |||
r-oldrel-windows-x86_64 | 1.3.5 | 9.00 | 78.00 | 87.00 | OK |
Version: 1.3.5
Check: Rd files
Result: NOTE
checkRd: (-1) simulateSNPs.Rd:46: Escaped LaTeX specials: \& \& \&
checkRd: (-1) simulateSNPs.Rd:80: Escaped LaTeX specials: \& \& \&
Flavors: r-devel-linux-x86_64-debian-clang, r-devel-linux-x86_64-debian-gcc, r-devel-linux-x86_64-fedora-clang, r-devel-linux-x86_64-fedora-gcc, r-devel-windows-x86_64, r-patched-linux-x86_64, r-release-linux-x86_64, r-release-macos-arm64, r-release-macos-x86_64, r-release-windows-x86_64
Version: 1.3.5
Check: package dependencies
Result: NOTE
Package suggested but not available for checking: ‘oligoClasses’
Flavors: r-release-macos-arm64, r-release-macos-x86_64, r-oldrel-macos-arm64