CRAN Package Check Results for Package scrappy

Last updated on 2022-06-26 11:52:44 CEST.

Flavor Version Tinstall Tcheck Ttotal Status Flags
r-devel-linux-x86_64-debian-clang 0.0.1 2.14 22.11 24.25 NOTE
r-devel-linux-x86_64-debian-gcc 0.0.1 1.65 17.19 18.84 NOTE
r-devel-linux-x86_64-fedora-clang 0.0.1 40.57 NOTE
r-devel-linux-x86_64-fedora-gcc 0.0.1 39.02 NOTE
r-devel-windows-x86_64 0.0.1 7.00 53.00 60.00 NOTE
r-patched-linux-x86_64 0.0.1 2.20 21.35 23.55 NOTE
r-release-linux-x86_64 0.0.1 1.93 21.64 23.57 NOTE
r-release-macos-arm64 0.0.1 14.00 NOTE
r-release-macos-x86_64 0.0.1 21.00 NOTE
r-release-windows-x86_64 0.0.1 7.00 50.00 57.00 NOTE
r-oldrel-macos-arm64 0.0.1 17.00 NOTE
r-oldrel-macos-x86_64 0.0.1 23.00 NOTE
r-oldrel-windows-ix86+x86_64 0.0.1 5.00 41.00 46.00 NOTE

Check Details

Version: 0.0.1
Check: LazyData
Result: NOTE
     'LazyData' is specified without a 'data' directory
Flavors: r-devel-linux-x86_64-debian-clang, r-devel-linux-x86_64-debian-gcc, r-devel-linux-x86_64-fedora-clang, r-devel-linux-x86_64-fedora-gcc, r-devel-windows-x86_64, r-patched-linux-x86_64, r-release-linux-x86_64, r-release-macos-arm64, r-release-macos-x86_64, r-release-windows-x86_64, r-oldrel-macos-arm64, r-oldrel-macos-x86_64, r-oldrel-windows-ix86+x86_64