Last updated on 2025-04-29 12:52:49 CEST.
Flavor | Version | Tinstall | Tcheck | Ttotal | Status | Flags |
---|---|---|---|---|---|---|
r-devel-linux-x86_64-debian-clang | 1.2-0 | 1.94 | 19.34 | 21.28 | NOTE | |
r-devel-linux-x86_64-debian-gcc | 1.2-0 | 1.58 | 15.81 | 17.39 | NOTE | |
r-devel-linux-x86_64-fedora-clang | 1.2-0 | 34.26 | OK | |||
r-devel-linux-x86_64-fedora-gcc | 1.2-0 | 32.51 | OK | |||
r-devel-windows-x86_64 | 1.2-0 | 3.00 | 46.00 | 49.00 | OK | |
r-patched-linux-x86_64 | 1.2-0 | 2.00 | 18.77 | 20.77 | OK | |
r-release-linux-x86_64 | 1.2-0 | 1.83 | 18.83 | 20.66 | OK | |
r-release-macos-arm64 | 1.2-0 | 26.00 | OK | |||
r-release-macos-x86_64 | 1.2-0 | 25.00 | OK | |||
r-release-windows-x86_64 | 1.2-0 | 2.00 | 50.00 | 52.00 | OK | |
r-oldrel-macos-arm64 | 1.2-0 | 15.00 | OK | |||
r-oldrel-macos-x86_64 | 1.2-0 | 21.00 | OK | |||
r-oldrel-windows-x86_64 | 1.2-0 | 2.00 | 46.00 | 48.00 | OK |
Version: 1.2-0
Check: CRAN incoming feasibility
Result: NOTE
Maintainer: ‘Manuel Morales <Manuel.A.Morales@williams.edu>’
No Authors@R field in DESCRIPTION.
Please add one, modifying
Authors@R: c(person(given = "Manuel",
family = "Morales",
role = c("aut", "cre"),
email = "mmorales@williams.edu"),
person(given = c("with", "code", "developed", "by", "the", "R", "Development", "Core"),
family = "Team",
role = "aut"),
person(given = c("with", "general", "advice", "from", "the", "R-help", "listserv"),
family = "community",
role = "aut"),
person(given = c("especially", "Duncan"),
family = "Murdoch.",
role = "aut"))
as necessary.
Flavors: r-devel-linux-x86_64-debian-clang, r-devel-linux-x86_64-debian-gcc