CRAN Package Check Results for Package scientoText

Last updated on 2022-07-04 12:54:20 CEST.

Flavor Version Tinstall Tcheck Ttotal Status Flags
r-devel-linux-x86_64-debian-clang 0.1 4.08 32.77 36.85 NOTE
r-devel-linux-x86_64-debian-gcc 0.1 3.01 25.38 28.39 NOTE
r-devel-linux-x86_64-fedora-clang 0.1 54.99 NOTE
r-devel-linux-x86_64-fedora-gcc 0.1 53.14 NOTE
r-devel-windows-x86_64 0.1 19.00 56.00 75.00 NOTE
r-patched-linux-x86_64 0.1 3.93 33.28 37.21 NOTE
r-release-linux-x86_64 0.1 2.97 32.50 35.47 NOTE
r-release-macos-arm64 0.1 19.00 NOTE
r-release-macos-x86_64 0.1 25.00 NOTE
r-release-windows-x86_64 0.1 13.00 60.00 73.00 NOTE
r-oldrel-macos-arm64 0.1 23.00 NOTE
r-oldrel-macos-x86_64 0.1 33.00 NOTE
r-oldrel-windows-ix86+x86_64 0.1 9.00 57.00 66.00 NOTE

Check Details

Version: 0.1
Check: LazyData
Result: NOTE
     'LazyData' is specified without a 'data' directory
Flavors: r-devel-linux-x86_64-debian-clang, r-devel-linux-x86_64-debian-gcc, r-devel-linux-x86_64-fedora-clang, r-devel-linux-x86_64-fedora-gcc, r-devel-windows-x86_64, r-patched-linux-x86_64, r-release-linux-x86_64, r-release-macos-arm64, r-release-macos-x86_64, r-release-windows-x86_64, r-oldrel-macos-arm64, r-oldrel-macos-x86_64, r-oldrel-windows-ix86+x86_64