Last updated on 2024-04-25 08:00:06 CEST.
Flavor | Version | Tinstall | Tcheck | Ttotal | Status | Flags |
---|---|---|---|---|---|---|
r-devel-linux-x86_64-debian-clang | 1.4.5 | 332.06 | 94.73 | 426.79 | OK | |
r-devel-linux-x86_64-debian-gcc | 1.4.5 | 249.91 | 79.69 | 329.60 | OK | |
r-devel-linux-x86_64-fedora-clang | 1.4.5 | 568.29 | OK | |||
r-devel-linux-x86_64-fedora-gcc | 1.4.5 | 580.11 | OK | |||
r-devel-windows-x86_64 | 1.4.5 | 236.00 | 138.00 | 374.00 | OK | |
r-patched-linux-x86_64 | 1.4.5 | 303.21 | 100.79 | 404.00 | OK | |
r-release-linux-x86_64 | 1.4.5 | 305.48 | 102.25 | 407.73 | OK | |
r-release-macos-arm64 | 1.4.5 | 110.00 | NOTE | |||
r-release-windows-x86_64 | 1.4.5 | 229.00 | 140.00 | 369.00 | OK | |
r-oldrel-macos-arm64 | 1.4.5 | 143.00 | NOTE | |||
r-oldrel-macos-x86_64 | 1.4.5 | 236.00 | NOTE | |||
r-oldrel-windows-x86_64 | 1.4.5 | 222.00 | 157.00 | 379.00 | OK |
Version: 1.4.5
Check: installed package size
Result: NOTE
installed size is 17.3Mb
sub-directories of 1Mb or more:
libs 16.7Mb
Flavors: r-release-macos-arm64, r-oldrel-macos-arm64, r-oldrel-macos-x86_64