Last updated on 2025-02-01 12:48:38 CET.
Flavor | Version | Tinstall | Tcheck | Ttotal | Status | Flags |
---|---|---|---|---|---|---|
r-devel-linux-x86_64-debian-clang | 1.0.1 | 2.76 | 31.37 | 34.13 | NOTE | |
r-devel-linux-x86_64-debian-gcc | 1.0.1 | 2.02 | 24.80 | 26.82 | NOTE | |
r-devel-linux-x86_64-fedora-clang | 1.0.1 | 56.34 | NOTE | |||
r-devel-linux-x86_64-fedora-gcc | 1.0.1 | 65.53 | NOTE | |||
r-devel-windows-x86_64 | 1.0.1 | 4.00 | 53.00 | 57.00 | NOTE | |
r-patched-linux-x86_64 | 1.0.1 | 2.22 | 30.26 | 32.48 | NOTE | |
r-release-linux-x86_64 | 1.0.1 | 2.69 | 30.28 | 32.97 | NOTE | |
r-release-macos-arm64 | 1.0.1 | 24.00 | NOTE | |||
r-release-macos-x86_64 | 1.0.1 | 40.00 | NOTE | |||
r-release-windows-x86_64 | 1.0.1 | 4.00 | 54.00 | 58.00 | NOTE | |
r-oldrel-macos-arm64 | 1.0.1 | 27.00 | OK | |||
r-oldrel-macos-x86_64 | 1.0.1 | 38.00 | OK | |||
r-oldrel-windows-x86_64 | 1.0.1 | 5.00 | 56.00 | 61.00 | OK |
Version: 1.0.1
Check: Rd files
Result: NOTE
checkRd: (-1) scatterD3.Rd:209: Lost braces; missing escapes or markup?
209 | {https://github.com/skokenes/D3-Lasso-Plugin}{d3-lasso-plugin} feature}
| ^
checkRd: (-1) scatterD3.Rd:209: Lost braces
209 | {https://github.com/skokenes/D3-Lasso-Plugin}{d3-lasso-plugin} feature}
| ^
Flavors: r-devel-linux-x86_64-debian-clang, r-devel-linux-x86_64-debian-gcc, r-devel-linux-x86_64-fedora-clang, r-devel-linux-x86_64-fedora-gcc, r-devel-windows-x86_64, r-patched-linux-x86_64, r-release-linux-x86_64, r-release-macos-arm64, r-release-macos-x86_64, r-release-windows-x86_64