CRAN Package Check Results for Package scatr

Last updated on 2022-07-07 12:55:34 CEST.

Flavor Version Tinstall Tcheck Ttotal Status Flags
r-devel-linux-x86_64-debian-clang 1.0.1 3.91 25.60 29.51 NOTE
r-devel-linux-x86_64-debian-gcc 1.0.1 4.79 19.70 24.49 NOTE
r-devel-linux-x86_64-fedora-clang 1.0.1 48.46 NOTE
r-devel-linux-x86_64-fedora-gcc 1.0.1 48.49 NOTE
r-devel-windows-x86_64 1.0.1 9.00 51.00 60.00 NOTE
r-patched-linux-x86_64 1.0.1 4.70 25.19 29.89 NOTE
r-release-linux-x86_64 1.0.1 3.67 24.91 28.58 NOTE
r-release-macos-arm64 1.0.1 17.00 NOTE
r-release-macos-x86_64 1.0.1 26.00 NOTE
r-release-windows-x86_64 1.0.1 14.00 52.00 66.00 NOTE
r-oldrel-macos-arm64 1.0.1 23.00 NOTE
r-oldrel-macos-x86_64 1.0.1 26.00 NOTE
r-oldrel-windows-ix86+x86_64 1.0.1 11.00 40.00 51.00 NOTE

Check Details

Version: 1.0.1
Check: LazyData
Result: NOTE
     'LazyData' is specified without a 'data' directory
Flavors: r-devel-linux-x86_64-debian-clang, r-devel-linux-x86_64-debian-gcc, r-devel-linux-x86_64-fedora-clang, r-devel-linux-x86_64-fedora-gcc, r-devel-windows-x86_64, r-patched-linux-x86_64, r-release-linux-x86_64, r-release-macos-arm64, r-release-macos-x86_64, r-release-windows-x86_64, r-oldrel-macos-arm64, r-oldrel-macos-x86_64, r-oldrel-windows-ix86+x86_64

Version: 1.0.1
Check: dependencies in R code
Result: NOTE
    Namespaces in Imports field not imported from:
     ‘R6’ ‘cowplot’ ‘ggplot2’ ‘ggridges’ ‘ggstance’ ‘jmvcore’
     All declared Imports should be used.
Flavors: r-devel-linux-x86_64-fedora-clang, r-devel-linux-x86_64-fedora-gcc, r-release-macos-arm64, r-release-macos-x86_64, r-oldrel-macos-arm64, r-oldrel-macos-x86_64