Last updated on 2022-06-26 11:52:44 CEST.
Flavor | Version | Tinstall | Tcheck | Ttotal | Status | Flags |
---|---|---|---|---|---|---|
r-devel-linux-x86_64-debian-clang | 2.3.3 | 16.61 | 169.61 | 186.22 | NOTE | |
r-devel-linux-x86_64-debian-gcc | 2.3.3 | 13.60 | 123.21 | 136.81 | NOTE | |
r-devel-linux-x86_64-fedora-clang | 2.3.3 | 227.61 | NOTE | |||
r-devel-linux-x86_64-fedora-gcc | 2.3.3 | 226.28 | NOTE | |||
r-devel-windows-x86_64 | 2.3.3 | 31.00 | 222.00 | 253.00 | NOTE | |
r-patched-linux-x86_64 | 2.3.3 | 15.12 | 154.35 | 169.47 | OK | |
r-release-linux-x86_64 | 2.3.3 | 11.31 | 156.03 | 167.34 | OK | |
r-release-macos-arm64 | 2.3.3 | 63.00 | OK | |||
r-release-macos-x86_64 | 2.3.3 | 114.00 | OK | |||
r-release-windows-x86_64 | 2.3.3 | 33.00 | 222.00 | 255.00 | OK | |
r-oldrel-macos-arm64 | 2.3.3 | 88.00 | OK | |||
r-oldrel-macos-x86_64 | 2.3.3 | 136.00 | OK | |||
r-oldrel-windows-ix86+x86_64 | 2.3.3 | 34.00 | 204.00 | 238.00 | OK |
Version: 2.3.3
Check: Rd files
Result: NOTE
checkRd: (-1) x.oreo.Rd:48: Escaped LaTeX specials: \_ \_
Flavors: r-devel-linux-x86_64-debian-clang, r-devel-linux-x86_64-debian-gcc, r-devel-linux-x86_64-fedora-clang, r-devel-linux-x86_64-fedora-gcc, r-devel-windows-x86_64