CRAN Package Check Results for Package scaleAlign

Last updated on 2022-07-06 12:53:45 CEST.

Flavor Version Tinstall Tcheck Ttotal Status Flags
r-devel-linux-x86_64-debian-clang 1.0.0.0 2.28 25.60 27.88 NOTE
r-devel-linux-x86_64-debian-gcc 1.0.0.0 1.78 19.61 21.39 NOTE
r-devel-linux-x86_64-fedora-clang 1.0.0.0 45.00 NOTE
r-devel-linux-x86_64-fedora-gcc 1.0.0.0 43.83 NOTE
r-devel-windows-x86_64 1.0.0.0 20.00 52.00 72.00 NOTE
r-patched-linux-x86_64 1.0.0.0 1.88 24.99 26.87 NOTE
r-release-linux-x86_64 1.0.0.0 1.70 24.92 26.62 NOTE
r-release-macos-arm64 1.0.0.0 17.00 NOTE
r-release-macos-x86_64 1.0.0.0 21.00 NOTE
r-release-windows-x86_64 1.0.0.0 16.00 51.00 67.00 NOTE
r-oldrel-macos-arm64 1.0.0.0 19.00 NOTE
r-oldrel-macos-x86_64 1.0.0.0 27.00 NOTE
r-oldrel-windows-ix86+x86_64 1.0.0.0 6.00 44.00 50.00 NOTE

Check Details

Version: 1.0.0.0
Check: LazyData
Result: NOTE
     'LazyData' is specified without a 'data' directory
Flavors: r-devel-linux-x86_64-debian-clang, r-devel-linux-x86_64-debian-gcc, r-devel-linux-x86_64-fedora-clang, r-devel-linux-x86_64-fedora-gcc, r-devel-windows-x86_64, r-patched-linux-x86_64, r-release-linux-x86_64, r-release-macos-arm64, r-release-macos-x86_64, r-release-windows-x86_64, r-oldrel-macos-arm64, r-oldrel-macos-x86_64, r-oldrel-windows-ix86+x86_64