Last updated on 2025-02-08 13:51:37 CET.
Flavor | Version | Tinstall | Tcheck | Ttotal | Status | Flags |
---|---|---|---|---|---|---|
r-devel-linux-x86_64-debian-clang | 0.2-6 | 3.18 | 31.02 | 34.20 | NOTE | |
r-devel-linux-x86_64-debian-gcc | 0.2-6 | 2.26 | 23.24 | 25.50 | NOTE | |
r-devel-linux-x86_64-fedora-clang | 0.2-6 | 55.27 | NOTE | |||
r-devel-linux-x86_64-fedora-gcc | 0.2-6 | 53.27 | NOTE | |||
r-devel-windows-x86_64 | 0.2-6 | 4.00 | 49.00 | 53.00 | OK | |
r-patched-linux-x86_64 | 0.2-6 | 3.15 | 29.10 | 32.25 | NOTE | |
r-release-linux-x86_64 | 0.2-6 | 2.95 | 29.21 | 32.16 | NOTE | |
r-release-macos-arm64 | 0.2-6 | 19.00 | NOTE | |||
r-release-macos-x86_64 | 0.2-6 | 31.00 | NOTE | |||
r-release-windows-x86_64 | 0.2-6 | 4.00 | 47.00 | 51.00 | OK | |
r-oldrel-macos-arm64 | 0.2-6 | 21.00 | OK | |||
r-oldrel-macos-x86_64 | 0.2-6 | 32.00 | OK | |||
r-oldrel-windows-x86_64 | 0.2-6 | 3.00 | 51.00 | 54.00 | OK |
Version: 0.2-6
Check: DESCRIPTION meta-information
Result: NOTE
License stub is invalid DCF.
Flavors: r-devel-linux-x86_64-debian-clang, r-devel-linux-x86_64-debian-gcc, r-patched-linux-x86_64, r-release-linux-x86_64, r-release-macos-arm64, r-release-macos-x86_64
Version: 0.2-6
Check: DESCRIPTION meta-information
Result: NOTE
Licence stub is invalid DCF.
Flavors: r-devel-linux-x86_64-fedora-clang, r-devel-linux-x86_64-fedora-gcc