CRAN Package Check Results for Package scaRabee

Last updated on 2024-02-23 11:53:35 CET.

Flavor Version Tinstall Tcheck Ttotal Status Flags
r-devel-linux-x86_64-debian-clang 1.1-4 ERROR
r-devel-linux-x86_64-debian-gcc 1.1-4 9.18 74.56 83.74 ERROR
r-devel-linux-x86_64-fedora-clang 1.1-4 136.63 OK
r-devel-linux-x86_64-fedora-gcc 1.1-4 146.71 OK
r-devel-windows-x86_64 1.1-4 11.00 95.00 106.00 OK
r-patched-linux-x86_64 1.1-4 12.37 99.60 111.97 ERROR
r-release-linux-x86_64 1.1-4 13.04 100.33 113.37 OK
r-release-macos-arm64 1.1-4 51.00 OK
r-release-macos-x86_64 1.1-4 96.00 OK
r-release-windows-x86_64 1.1-4 16.00 113.00 129.00 OK
r-oldrel-macos-arm64 1.1-4 44.00 OK
r-oldrel-windows-x86_64 1.1-4 15.00 114.00 129.00 OK

Check Details

Version: 1.1-4
Check: Rd files
Result: NOTE checkRd: (-1) get.events.Rd:51: Lost braces 51 | code{\link[deSolve]{events}} | ^ Flavors: r-devel-linux-x86_64-debian-clang, r-devel-linux-x86_64-debian-gcc

Version: 1.1-4
Check: re-building of vignette outputs
Result: ERROR Error(s) in re-building vignettes: ... --- re-building ‘manual.Rmd’ using rmarkdown Could not fetch http://www.zotero.org/styles/springer-vancouver-brackets HttpExceptionRequest Request { host = "www.zotero.org" port = 80 secure = False requestHeaders = [] path = "/styles/springer-vancouver-brackets" queryString = "" method = "GET" proxy = Nothing rawBody = False redirectCount = 10 responseTimeout = ResponseTimeoutDefault requestVersion = HTTP/1.1 proxySecureMode = ProxySecureWithConnect } (InternalException (HandshakeFailed (Error_Protocol "peer does not support Extended Main Secret" HandshakeFailure))) Error: processing vignette 'manual.Rmd' failed with diagnostics: pandoc document conversion failed with error 61 --- failed re-building ‘manual.Rmd’ SUMMARY: processing the following file failed: ‘manual.Rmd’ Error: Vignette re-building failed. Execution halted Flavors: r-devel-linux-x86_64-debian-clang, r-devel-linux-x86_64-debian-gcc, r-patched-linux-x86_64