Last updated on 2024-04-24 11:21:04 CEST.
Flavor | Version | Tinstall | Tcheck | Ttotal | Status | Flags |
---|---|---|---|---|---|---|
r-devel-linux-x86_64-debian-clang | 0.1.0 | 6.32 | 58.29 | 64.61 | NOTE | |
r-devel-linux-x86_64-debian-gcc | 0.1.0 | 4.58 | 43.64 | 48.22 | NOTE | |
r-devel-linux-x86_64-fedora-clang | 0.1.0 | 79.22 | NOTE | |||
r-devel-linux-x86_64-fedora-gcc | 0.1.0 | 77.14 | NOTE | |||
r-devel-windows-x86_64 | 0.1.0 | 7.00 | 61.00 | 68.00 | NOTE | |
r-patched-linux-x86_64 | 0.1.0 | 4.78 | 55.53 | 60.31 | NOTE | |
r-release-linux-x86_64 | 0.1.0 | 5.52 | 54.02 | 59.54 | NOTE | |
r-release-macos-arm64 | 0.1.0 | 24.00 | NOTE | |||
r-release-windows-x86_64 | 0.1.0 | 6.00 | 60.00 | 66.00 | NOTE | |
r-oldrel-macos-arm64 | 0.1.0 | 26.00 | NOTE | |||
r-oldrel-macos-x86_64 | 0.1.0 | 41.00 | NOTE | |||
r-oldrel-windows-x86_64 | 0.1.0 | 8.00 | 73.00 | 81.00 | NOTE |
Version: 0.1.0
Check: LazyData
Result: NOTE
'LazyData' is specified without a 'data' directory
Flavors: r-devel-linux-x86_64-debian-clang, r-devel-linux-x86_64-debian-gcc, r-devel-linux-x86_64-fedora-clang, r-devel-linux-x86_64-fedora-gcc, r-devel-windows-x86_64, r-patched-linux-x86_64, r-release-linux-x86_64, r-release-macos-arm64, r-release-windows-x86_64, r-oldrel-macos-arm64, r-oldrel-macos-x86_64, r-oldrel-windows-x86_64