CRAN Package Check Results for Package scTenifoldKnk

Last updated on 2022-07-05 11:50:04 CEST.

Flavor Version Tinstall Tcheck Ttotal Status Flags
r-devel-linux-x86_64-debian-clang 1.0.1 8.80 75.88 84.68 NOTE
r-devel-linux-x86_64-debian-gcc 1.0.1 6.63 57.80 64.43 NOTE
r-devel-linux-x86_64-fedora-clang 1.0.1 110.73 NOTE
r-devel-linux-x86_64-fedora-gcc 1.0.1 109.64 NOTE
r-devel-windows-x86_64 1.0.1 13.00 98.00 111.00 NOTE
r-patched-linux-x86_64 1.0.1 7.00 76.56 83.56 NOTE
r-release-linux-x86_64 1.0.1 8.94 72.38 81.32 NOTE
r-release-macos-arm64 1.0.1 34.00 NOTE
r-release-macos-x86_64 1.0.1 47.00 NOTE
r-release-windows-x86_64 1.0.1 25.00 96.00 121.00 NOTE
r-oldrel-macos-arm64 1.0.1 41.00 NOTE
r-oldrel-macos-x86_64 1.0.1 55.00 NOTE
r-oldrel-windows-ix86+x86_64 1.0.1 18.00 90.00 108.00 NOTE

Check Details

Version: 1.0.1
Check: LazyData
Result: NOTE
     'LazyData' is specified without a 'data' directory
Flavors: r-devel-linux-x86_64-debian-clang, r-devel-linux-x86_64-debian-gcc, r-devel-linux-x86_64-fedora-clang, r-devel-linux-x86_64-fedora-gcc, r-devel-windows-x86_64, r-patched-linux-x86_64, r-release-linux-x86_64, r-release-macos-arm64, r-release-macos-x86_64, r-release-windows-x86_64, r-oldrel-macos-arm64, r-oldrel-macos-x86_64, r-oldrel-windows-ix86+x86_64

Version: 1.0.1
Check: dependencies in R code
Result: NOTE
    Namespaces in Imports field not imported from:
     ‘methods’ ‘pbapply’ ‘utils’
     All declared Imports should be used.
Flavors: r-devel-linux-x86_64-fedora-clang, r-devel-linux-x86_64-fedora-gcc, r-release-macos-arm64, r-release-macos-x86_64, r-oldrel-macos-arm64, r-oldrel-macos-x86_64