Last updated on 2025-05-09 10:49:39 CEST.
Flavor | Version | Tinstall | Tcheck | Ttotal | Status | Flags |
---|---|---|---|---|---|---|
r-devel-linux-x86_64-debian-clang | 0.1.1 | 7.88 | 61.88 | 69.76 | NOTE | |
r-devel-linux-x86_64-debian-gcc | 0.1.1 | 5.73 | 46.78 | 52.51 | NOTE | |
r-devel-linux-x86_64-fedora-clang | 0.1.1 | 114.70 | NOTE | |||
r-devel-linux-x86_64-fedora-gcc | 0.1.1 | 119.94 | NOTE | |||
r-devel-windows-x86_64 | 0.1.1 | 8.00 | 72.00 | 80.00 | OK | |
r-patched-linux-x86_64 | 0.1.1 | 7.36 | 58.21 | 65.57 | OK | |
r-release-linux-x86_64 | 0.1.1 | 7.57 | 58.22 | 65.79 | OK | |
r-release-macos-arm64 | 0.1.1 | 38.00 | OK | |||
r-release-macos-x86_64 | 0.1.1 | 68.00 | OK | |||
r-release-windows-x86_64 | 0.1.1 | 9.00 | 75.00 | 84.00 | OK | |
r-oldrel-macos-arm64 | 0.1.1 | 39.00 | OK | |||
r-oldrel-macos-x86_64 | 0.1.1 | 67.00 | OK | |||
r-oldrel-windows-x86_64 | 0.1.1 | 12.00 | 89.00 | 101.00 | OK |
Version: 0.1.1
Check: CRAN incoming feasibility
Result: NOTE
Maintainer: ‘Duc Tran <duct@nevada.unr.edu>’
Package CITATION file contains call(s) to old-style personList() or
as.personList(). Please use c() on person objects instead.
Package CITATION file contains call(s) to old-style citEntry(). Please
use bibentry() instead.
Flavors: r-devel-linux-x86_64-debian-clang, r-devel-linux-x86_64-debian-gcc
Version: 0.1.1
Check: dependencies in R code
Result: NOTE
Namespace in Imports field not imported from: ‘markdown’
All declared Imports should be used.
Flavors: r-devel-linux-x86_64-fedora-clang, r-devel-linux-x86_64-fedora-gcc