CRAN Package Check Results for Package scDIFtest

Last updated on 2022-07-01 11:52:10 CEST.

Flavor Version Tinstall Tcheck Ttotal Status Flags
r-devel-linux-x86_64-debian-clang 0.1.1 7.57 146.11 153.68 NOTE
r-devel-linux-x86_64-debian-gcc 0.1.1 7.68 105.07 112.75 NOTE
r-devel-linux-x86_64-fedora-clang 0.1.1 188.22 NOTE
r-devel-linux-x86_64-fedora-gcc 0.1.1 189.51 NOTE
r-devel-windows-x86_64 0.1.1 15.00 172.00 187.00 NOTE
r-patched-linux-x86_64 0.1.1 9.35 138.17 147.52 NOTE
r-release-linux-x86_64 0.1.1 7.26 140.14 147.40 NOTE
r-release-macos-arm64 0.1.1 52.00 NOTE
r-release-macos-x86_64 0.1.1 75.00 NOTE
r-release-windows-x86_64 0.1.1 17.00 170.00 187.00 NOTE
r-oldrel-macos-arm64 0.1.1 61.00 NOTE
r-oldrel-macos-x86_64 0.1.1 103.00 NOTE
r-oldrel-windows-ix86+x86_64 0.1.1 21.00 161.00 182.00 NOTE

Check Details

Version: 0.1.1
Check: LazyData
Result: NOTE
     'LazyData' is specified without a 'data' directory
Flavors: r-devel-linux-x86_64-debian-clang, r-devel-linux-x86_64-debian-gcc, r-devel-linux-x86_64-fedora-clang, r-devel-linux-x86_64-fedora-gcc, r-devel-windows-x86_64, r-patched-linux-x86_64, r-release-linux-x86_64, r-release-macos-arm64, r-release-macos-x86_64, r-release-windows-x86_64, r-oldrel-macos-arm64, r-oldrel-macos-x86_64, r-oldrel-windows-ix86+x86_64