Last updated on 2023-06-08 11:59:38 CEST.
Flavor | Version | Tinstall | Tcheck | Ttotal | Status | Flags |
---|---|---|---|---|---|---|
r-devel-linux-x86_64-debian-clang | 0.1.1 | 9.85 | 155.51 | 165.36 | NOTE | |
r-devel-linux-x86_64-debian-gcc | 0.1.1 | 9.24 | 112.94 | 122.18 | NOTE | |
r-devel-linux-x86_64-fedora-clang | 0.1.1 | 207.38 | NOTE | |||
r-devel-linux-x86_64-fedora-gcc | 0.1.1 | 206.00 | NOTE | |||
r-devel-windows-x86_64 | 0.1.1 | 11.00 | 126.00 | 137.00 | NOTE | |
r-patched-linux-x86_64 | 0.1.1 | 9.51 | 144.05 | 153.56 | NOTE | |
r-release-linux-x86_64 | 0.1.1 | 10.92 | 142.52 | 153.44 | NOTE | |
r-release-macos-arm64 | 0.1.1 | 65.00 | NOTE | |||
r-release-macos-x86_64 | 0.1.1 | 110.00 | NOTE | |||
r-release-windows-x86_64 | 0.1.1 | 13.00 | 146.00 | 159.00 | NOTE | |
r-oldrel-macos-arm64 | 0.1.1 | 52.00 | NOTE | |||
r-oldrel-macos-x86_64 | 0.1.1 | 75.00 | NOTE | |||
r-oldrel-windows-x86_64 | 0.1.1 | 13.00 | 152.00 | 165.00 | NOTE |
Version: 0.1.1
Check: LazyData
Result: NOTE
'LazyData' is specified without a 'data' directory
Flavors: r-devel-linux-x86_64-debian-clang, r-devel-linux-x86_64-debian-gcc, r-devel-linux-x86_64-fedora-clang, r-devel-linux-x86_64-fedora-gcc, r-devel-windows-x86_64, r-patched-linux-x86_64, r-release-linux-x86_64, r-release-macos-arm64, r-release-macos-x86_64, r-release-windows-x86_64, r-oldrel-macos-arm64, r-oldrel-macos-x86_64, r-oldrel-windows-x86_64