CRAN Package Check Results for Package sbw

Last updated on 2022-06-30 11:53:19 CEST.

Flavor Version Tinstall Tcheck Ttotal Status Flags
r-devel-linux-x86_64-debian-clang 1.1.5 10.74 80.15 90.89 NOTE
r-devel-linux-x86_64-debian-gcc 1.1.5 9.28 60.76 70.04 NOTE
r-devel-linux-x86_64-fedora-clang 1.1.5 117.12 NOTE
r-devel-linux-x86_64-fedora-gcc 1.1.5 121.85 NOTE
r-devel-windows-x86_64 1.1.5 22.00 101.00 123.00 NOTE
r-patched-linux-x86_64 1.1.5 11.32 76.79 88.11 NOTE
r-release-linux-x86_64 1.1.5 10.58 78.00 88.58 NOTE
r-release-macos-arm64 1.1.5 35.00 NOTE
r-release-macos-x86_64 1.1.5 47.00 NOTE
r-release-windows-x86_64 1.1.5 17.00 98.00 115.00 NOTE
r-oldrel-macos-arm64 1.1.5 37.00 NOTE
r-oldrel-macos-x86_64 1.1.5 45.00 NOTE
r-oldrel-windows-ix86+x86_64 1.1.5 22.00 93.00 115.00 NOTE

Check Details

Version: 1.1.5
Check: package dependencies
Result: NOTE
    Packages which this enhances but not available for checking:
     'gurobi', 'pogs'
Flavors: r-devel-linux-x86_64-debian-clang, r-devel-linux-x86_64-debian-gcc, r-patched-linux-x86_64, r-release-linux-x86_64

Version: 1.1.5
Check: package dependencies
Result: NOTE
    Packages which this enhances but not available for checking:
     'gurobi', 'Rcplex', 'pogs'
Flavors: r-devel-linux-x86_64-fedora-clang, r-devel-linux-x86_64-fedora-gcc, r-devel-windows-x86_64, r-release-macos-arm64, r-release-macos-x86_64, r-release-windows-x86_64, r-oldrel-macos-arm64, r-oldrel-macos-x86_64, r-oldrel-windows-ix86+x86_64