Last updated on 2024-03-28 09:51:56 CET.
Flavor | Version | Tinstall | Tcheck | Ttotal | Status | Flags |
---|---|---|---|---|---|---|
r-devel-linux-x86_64-debian-clang | 0.5.0 | 140.66 | 173.87 | 314.53 | NOTE | |
r-devel-linux-x86_64-debian-gcc | 0.5.0 | 107.45 | 131.01 | 238.46 | NOTE | |
r-devel-linux-x86_64-fedora-clang | 0.5.0 | 418.72 | NOTE | |||
r-devel-linux-x86_64-fedora-gcc | 0.5.0 | 422.25 | NOTE | |||
r-devel-windows-x86_64 | 0.5.0 | 97.00 | 159.00 | 256.00 | NOTE | |
r-patched-linux-x86_64 | 0.5.0 | 91.71 | 169.36 | 261.07 | NOTE | |
r-release-linux-x86_64 | 0.5.0 | 91.66 | 161.70 | 253.36 | NOTE | |
r-release-macos-arm64 | 0.5.0 | 145.00 | NOTE | |||
r-release-macos-x86_64 | 0.5.0 | 245.00 | NOTE | |||
r-release-windows-x86_64 | 0.5.0 | 124.00 | 203.00 | 327.00 | NOTE | |
r-oldrel-macos-arm64 | 0.5.0 | 101.00 | NOTE | |||
r-oldrel-windows-x86_64 | 0.5.0 | 126.00 | 202.00 | 328.00 | NOTE |
Version: 0.5.0
Check: C++ specification
Result: NOTE
Specified C++11: please drop specification unless essential
Flavors: r-devel-linux-x86_64-debian-clang, r-devel-linux-x86_64-debian-gcc, r-devel-linux-x86_64-fedora-clang, r-devel-linux-x86_64-fedora-gcc, r-devel-windows-x86_64, r-patched-linux-x86_64, r-release-linux-x86_64, r-release-macos-arm64, r-release-macos-x86_64, r-release-windows-x86_64
Version: 0.5.0
Check: installed package size
Result: NOTE
installed size is 5.2Mb
sub-directories of 1Mb or more:
data 3.8Mb
libs 1.2Mb
Flavors: r-devel-windows-x86_64, r-release-macos-arm64, r-release-macos-x86_64, r-release-windows-x86_64, r-oldrel-macos-arm64, r-oldrel-windows-x86_64