CRAN Package Check Results for Package sazedR

Last updated on 2025-01-22 11:49:45 CET.

Flavor Version Tinstall Tcheck Ttotal Status Flags
r-devel-linux-x86_64-debian-clang 2.0.2 4.37 35.63 40.00 OK
r-devel-linux-x86_64-debian-gcc 2.0.2 2.69 27.19 29.88 OK
r-devel-linux-x86_64-fedora-clang 2.0.2 64.00 OK
r-devel-linux-x86_64-fedora-gcc 2.0.2 60.47 OK
r-devel-windows-x86_64 2.0.2 5.00 60.00 65.00 OK
r-patched-linux-x86_64 2.0.2 3.74 33.91 37.65 NOTE
r-release-linux-x86_64 2.0.2 4.45 33.38 37.83 NOTE
r-release-macos-arm64 2.0.2 24.00 NOTE
r-release-macos-x86_64 2.0.2 33.00 NOTE
r-release-windows-x86_64 2.0.2 6.00 61.00 67.00 NOTE
r-oldrel-macos-arm64 2.0.2 25.00 NOTE
r-oldrel-macos-x86_64 2.0.2 33.00 NOTE
r-oldrel-windows-x86_64 2.0.2 7.00 71.00 78.00 NOTE

Check Details

Version: 2.0.2
Check: LazyData
Result: NOTE 'LazyData' is specified without a 'data' directory Flavors: r-patched-linux-x86_64, r-release-linux-x86_64, r-release-macos-arm64, r-release-macos-x86_64, r-release-windows-x86_64, r-oldrel-macos-arm64, r-oldrel-macos-x86_64, r-oldrel-windows-x86_64