Last updated on 2024-04-18 12:52:59 CEST.
Flavor | Version | Tinstall | Tcheck | Ttotal | Status | Flags |
---|---|---|---|---|---|---|
r-devel-linux-x86_64-debian-clang | 1.1.1 | 33.88 | 53.57 | 87.45 | OK | |
r-devel-linux-x86_64-debian-gcc | 1.1.1 | 21.54 | 39.48 | 61.02 | OK | |
r-devel-linux-x86_64-fedora-clang | 1.1.1 | 113.67 | NOTE | |||
r-devel-linux-x86_64-fedora-gcc | 1.1.1 | 113.10 | NOTE | |||
r-prerel-macos-arm64 | 1.1.1 | 26.00 | OK | |||
r-prerel-windows-x86_64 | 1.1.1 | 25.00 | 75.00 | 100.00 | OK | |
r-patched-linux-x86_64 | 1.1.1 | 31.64 | 53.17 | 84.81 | OK | |
r-release-linux-x86_64 | 1.1.1 | 30.83 | 52.10 | 82.93 | OK | |
r-release-macos-arm64 | 1.1.1 | 33.00 | OK | |||
r-release-macos-x86_64 | 1.1.1 | 49.00 | OK | |||
r-release-windows-x86_64 | 1.1.1 | 32.00 | 86.00 | 118.00 | OK | |
r-oldrel-macos-arm64 | 1.1.1 | 30.00 | OK | |||
r-oldrel-windows-x86_64 | 1.1.1 | 31.00 | 86.00 | 117.00 | OK |
Version: 1.1.1
Check: compiled code
Result: NOTE
File ‘saturnin/libs/saturnin.so’:
Found no calls to: ‘R_registerRoutines’, ‘R_useDynamicSymbols’
It is good practice to register native routines and to disable symbol
search.
See ‘Writing portable packages’ in the ‘Writing R Extensions’ manual.
Flavors: r-devel-linux-x86_64-fedora-clang, r-devel-linux-x86_64-fedora-gcc