Last updated on 2024-04-23 10:54:16 CEST.
Flavor | Version | Tinstall | Tcheck | Ttotal | Status | Flags |
---|---|---|---|---|---|---|
r-devel-linux-x86_64-debian-clang | 0.6.14 | 209.30 | 358.21 | 567.51 | NOTE | |
r-devel-linux-x86_64-debian-gcc | 0.6.14 | 171.46 | 325.11 | 496.57 | NOTE | |
r-devel-linux-x86_64-fedora-clang | 0.6.14 | 805.91 | NOTE | |||
r-devel-linux-x86_64-fedora-gcc | 0.6.14 | 728.71 | NOTE | |||
r-prerel-macos-arm64 | 0.6.14 | 99.00 | NOTE | |||
r-prerel-windows-x86_64 | 0.6.14 | 13.00 | 376.00 | 389.00 | NOTE | |
r-patched-linux-x86_64 | 0.6.14 | 210.22 | 357.11 | 567.33 | NOTE | |
r-release-linux-x86_64 | 0.6.14 | 221.86 | 358.13 | 579.99 | NOTE | |
r-release-macos-arm64 | 0.6.14 | 117.00 | NOTE | |||
r-release-macos-x86_64 | 0.6.14 | 196.00 | NOTE | |||
r-release-windows-x86_64 | 0.6.14 | 17.00 | 481.00 | 498.00 | NOTE | |
r-oldrel-macos-arm64 | 0.6.14 | 110.00 | NOTE | |||
r-oldrel-windows-x86_64 | 0.6.14 | 16.00 | 482.00 | 498.00 | NOTE |
Version: 0.6.14
Check: C++ specification
Result: NOTE
Specified C++11: please drop specification unless essential
Flavors: r-devel-linux-x86_64-debian-clang, r-devel-linux-x86_64-debian-gcc, r-devel-linux-x86_64-fedora-clang, r-devel-linux-x86_64-fedora-gcc, r-prerel-macos-arm64, r-patched-linux-x86_64, r-release-linux-x86_64, r-release-macos-arm64, r-release-macos-x86_64
Version: 0.6.14
Check: installed package size
Result: NOTE
installed size is 5.3Mb
sub-directories of 1Mb or more:
bin 4.5Mb
Flavors: r-prerel-macos-arm64, r-prerel-windows-x86_64, r-release-macos-arm64, r-release-macos-x86_64, r-release-windows-x86_64, r-oldrel-macos-arm64, r-oldrel-windows-x86_64