Last updated on 2023-02-02 11:54:15 CET.
Flavor | Version | Tinstall | Tcheck | Ttotal | Status | Flags |
---|---|---|---|---|---|---|
r-devel-linux-x86_64-debian-clang | 0.2.21 | 4.61 | 44.55 | 49.16 | NOTE | |
r-devel-linux-x86_64-debian-gcc | 0.2.21 | 3.53 | 33.75 | 37.28 | NOTE | |
r-devel-linux-x86_64-fedora-clang | 0.2.21 | 68.03 | NOTE | |||
r-devel-linux-x86_64-fedora-gcc | 0.2.21 | 68.30 | NOTE | |||
r-patched-linux-x86_64 | 0.2.21 | 3.23 | 43.88 | 47.11 | NOTE | |
r-release-linux-x86_64 | 0.2.21 | 3.24 | 48.71 | 51.95 | NOTE | |
r-release-macos-arm64 | 0.2.21 | 63.00 | NOTE | |||
r-release-macos-x86_64 | 0.2.21 | 47.00 | NOTE | |||
r-release-windows-x86_64 | 0.2.21 | 18.00 | 86.00 | 104.00 | NOTE | |
r-oldrel-macos-arm64 | 0.2.21 | 33.00 | NOTE | |||
r-oldrel-macos-x86_64 | 0.2.21 | 43.00 | NOTE | |||
r-oldrel-windows-ix86+x86_64 | 0.2.21 | 12.00 | 69.00 | 81.00 | NOTE |
Version: 0.2.21
Check: LazyData
Result: NOTE
'LazyData' is specified without a 'data' directory
Flavors: r-devel-linux-x86_64-debian-clang, r-devel-linux-x86_64-debian-gcc, r-devel-linux-x86_64-fedora-clang, r-devel-linux-x86_64-fedora-gcc, r-patched-linux-x86_64, r-release-linux-x86_64, r-release-macos-arm64, r-release-macos-x86_64, r-release-windows-x86_64, r-oldrel-macos-arm64, r-oldrel-macos-x86_64, r-oldrel-windows-ix86+x86_64