Last updated on 2023-02-07 11:52:20 CET.
Flavor | Version | Tinstall | Tcheck | Ttotal | Status | Flags |
---|---|---|---|---|---|---|
r-devel-linux-x86_64-debian-clang | 0.1.4 | 11.91 | 264.07 | 275.98 | OK | |
r-devel-linux-x86_64-debian-gcc | 0.1.4 | 9.52 | 192.76 | 202.28 | OK | |
r-devel-linux-x86_64-fedora-clang | 0.1.4 | 329.31 | NOTE | |||
r-devel-linux-x86_64-fedora-gcc | 0.1.4 | 332.01 | NOTE | |||
r-devel-windows-x86_64 | 0.1.4 | 106.00 | 305.00 | 411.00 | OK | |
r-patched-linux-x86_64 | 0.1.4 | 19.06 | 238.07 | 257.13 | OK | |
r-release-linux-x86_64 | 0.1.4 | 7.95 | 236.40 | 244.35 | OK | |
r-release-macos-arm64 | 0.1.4 | 76.00 | OK | |||
r-release-macos-x86_64 | 0.1.4 | 109.00 | OK | |||
r-release-windows-x86_64 | 0.1.4 | 67.00 | 293.00 | 360.00 | OK | |
r-oldrel-macos-arm64 | 0.1.4 | 81.00 | OK | |||
r-oldrel-macos-x86_64 | 0.1.4 | 120.00 | OK | |||
r-oldrel-windows-ix86+x86_64 | 0.1.4 | 24.00 | 287.00 | 311.00 | OK |
Version: 0.1.4
Check: data for non-ASCII characters
Result: NOTE
Note: found 4 marked UTF-8 strings
Flavors: r-devel-linux-x86_64-fedora-clang, r-devel-linux-x86_64-fedora-gcc