Last updated on 2025-04-29 12:52:49 CEST.
Flavor | Version | Tinstall | Tcheck | Ttotal | Status | Flags |
---|---|---|---|---|---|---|
r-devel-linux-x86_64-debian-clang | 0.1.1 | 3.82 | 18.43 | 22.25 | NOTE | |
r-devel-linux-x86_64-debian-gcc | 0.1.1 | 2.63 | 15.42 | 18.05 | NOTE | |
r-devel-linux-x86_64-fedora-clang | 0.1.1 | 32.04 | OK | |||
r-devel-linux-x86_64-fedora-gcc | 0.1.1 | 29.81 | OK | |||
r-devel-windows-x86_64 | 0.1.1 | 6.00 | 38.00 | 44.00 | OK | |
r-patched-linux-x86_64 | 0.1.1 | 3.36 | 15.97 | 19.33 | OK | |
r-release-linux-x86_64 | 0.1.1 | 3.28 | 15.82 | 19.10 | OK | |
r-release-macos-arm64 | 0.1.1 | 16.00 | OK | |||
r-release-macos-x86_64 | 0.1.1 | 24.00 | OK | |||
r-release-windows-x86_64 | 0.1.1 | 8.00 | 42.00 | 50.00 | OK | |
r-oldrel-macos-arm64 | 0.1.1 | 15.00 | OK | |||
r-oldrel-macos-x86_64 | 0.1.1 | 23.00 | OK | |||
r-oldrel-windows-x86_64 | 0.1.1 | 7.00 | 37.00 | 44.00 | OK |
Version: 0.1.1
Check: CRAN incoming feasibility
Result: NOTE
Maintainer: ‘Dirk Eddelbuettel <edd@debian.org>’
No Authors@R field in DESCRIPTION.
Please add one, modifying
Authors@R: person(given = "Dirk",
family = "Eddelbuettel",
role = c("aut", "cre"),
email = "edd@debian.org")
as necessary.
Flavors: r-devel-linux-x86_64-debian-clang, r-devel-linux-x86_64-debian-gcc