CRAN Package Check Results for Package sand

Last updated on 2024-04-12 12:53:44 CEST.

Flavor Version Tinstall Tcheck Ttotal Status Flags
r-devel-linux-x86_64-debian-clang 2.0.0 3.50 35.57 39.07 NOTE
r-devel-linux-x86_64-debian-gcc 2.0.0 2.83 27.56 30.39 NOTE
r-devel-linux-x86_64-fedora-clang 2.0.0 55.68 NOTE
r-devel-linux-x86_64-fedora-gcc 2.0.0 48.85 NOTE
r-devel-windows-x86_64 2.0.0 4.00 49.00 53.00 NOTE
r-patched-linux-x86_64 2.0.0 3.82 34.79 38.61 NOTE
r-release-linux-x86_64 2.0.0 3.62 34.31 37.93 NOTE
r-release-macos-arm64 2.0.0 20.00 NOTE
r-release-macos-x86_64 2.0.0 27.00 NOTE
r-release-windows-x86_64 2.0.0 5.00 51.00 56.00 NOTE
r-oldrel-macos-arm64 2.0.0 22.00 NOTE
r-oldrel-windows-x86_64 2.0.0 6.00 56.00 62.00 NOTE

Check Details

Version: 2.0.0
Check: package dependencies
Result: NOTE Package suggested but not available for checking: ‘networkTomography’ Flavors: r-devel-linux-x86_64-debian-clang, r-devel-linux-x86_64-debian-gcc, r-devel-linux-x86_64-fedora-clang, r-devel-linux-x86_64-fedora-gcc, r-devel-windows-x86_64, r-patched-linux-x86_64, r-release-linux-x86_64, r-release-windows-x86_64, r-oldrel-windows-x86_64

Version: 2.0.0
Check: data for non-ASCII characters
Result: NOTE Note: found 6 marked UTF-8 strings Flavors: r-devel-linux-x86_64-fedora-clang, r-devel-linux-x86_64-fedora-gcc, r-oldrel-macos-arm64

Version: 2.0.0
Check: package dependencies
Result: NOTE Packages suggested but not available for checking: 'GOstats', 'networkTomography', 'org.Sc.sgd.db' Flavor: r-release-macos-arm64

Version: 2.0.0
Check: package dependencies
Result: NOTE Packages suggested but not available for checking: 'GO.db', 'GOstats', 'car', 'ergm', 'networkTomography', 'org.Sc.sgd.db' Flavor: r-release-macos-x86_64

Version: 2.0.0
Check: package dependencies
Result: NOTE Packages suggested but not available for checking: 'GO.db', 'GOstats', 'org.Sc.sgd.db' Flavor: r-oldrel-macos-arm64