Last updated on 2025-11-03 11:49:52 CET.
| Flavor | Version | Tinstall | Tcheck | Ttotal | Status | Flags | 
|---|---|---|---|---|---|---|
| r-devel-linux-x86_64-debian-clang | 4.1.1 | 9.36 | 80.03 | 89.39 | NOTE | |
| r-devel-linux-x86_64-debian-gcc | 4.1.1 | 6.53 | 58.14 | 64.67 | NOTE | |
| r-devel-linux-x86_64-fedora-clang | 4.1.1 | 21.00 | 114.48 | 135.48 | OK | |
| r-devel-linux-x86_64-fedora-gcc | 4.1.1 | 20.00 | 136.75 | 156.75 | OK | |
| r-devel-windows-x86_64 | 4.1.1 | 12.00 | 97.00 | 109.00 | OK | |
| r-patched-linux-x86_64 | 4.1.1 | 9.74 | 75.67 | 85.41 | OK | |
| r-release-linux-x86_64 | 4.1.1 | 9.21 | 76.27 | 85.48 | OK | |
| r-release-macos-arm64 | 4.1.1 | 5.00 | 46.00 | 51.00 | OK | |
| r-release-macos-x86_64 | 4.1.1 | 9.00 | 98.00 | 107.00 | OK | |
| r-release-windows-x86_64 | 4.1.1 | 15.00 | 96.00 | 111.00 | OK | |
| r-oldrel-macos-arm64 | 4.1.1 | 5.00 | 45.00 | 50.00 | OK | |
| r-oldrel-macos-x86_64 | 4.1.1 | 8.00 | 66.00 | 74.00 | OK | |
| r-oldrel-windows-x86_64 | 4.1.1 | 16.00 | 121.00 | 137.00 | OK | 
Version: 4.1.1
Check: CRAN incoming feasibility
Result: NOTE
  Maintainer: ‘Hugo Andres Gutierrez Rojas <hagutierrezro@gmail.com>’
  
  No Authors@R field in DESCRIPTION.
  Please add one, modifying
    Authors@R: person(given = c("Hugo", "Andres", "Gutierrez"),
                      family = "Rojas",
                      role = c("aut", "cre"),
                      email = "hagutierrezro@gmail.com")
  as necessary.
Flavors: r-devel-linux-x86_64-debian-clang, r-devel-linux-x86_64-debian-gcc