CRAN Package Check Results for Package salty

Last updated on 2022-07-05 11:50:03 CEST.

Flavor Version Tinstall Tcheck Ttotal Status Flags
r-devel-linux-x86_64-debian-clang 0.1.0 2.13 43.85 45.98 NOTE
r-devel-linux-x86_64-debian-gcc 0.1.0 2.09 33.49 35.58 NOTE
r-devel-linux-x86_64-fedora-clang 0.1.0 66.68 NOTE
r-devel-linux-x86_64-fedora-gcc 0.1.0 65.42 NOTE
r-devel-windows-x86_64 0.1.0 16.00 74.00 90.00 NOTE
r-patched-linux-x86_64 0.1.0 3.03 42.58 45.61 NOTE
r-release-linux-x86_64 0.1.0 2.84 42.07 44.91 NOTE
r-release-macos-arm64 0.1.0 21.00 NOTE
r-release-macos-x86_64 0.1.0 29.00 NOTE
r-release-windows-x86_64 0.1.0 16.00 72.00 88.00 NOTE
r-oldrel-macos-arm64 0.1.0 27.00 NOTE
r-oldrel-macos-x86_64 0.1.0 50.00 NOTE
r-oldrel-windows-ix86+x86_64 0.1.0 7.00 62.00 69.00 NOTE

Check Details

Version: 0.1.0
Check: LazyData
Result: NOTE
     'LazyData' is specified without a 'data' directory
Flavors: r-devel-linux-x86_64-debian-clang, r-devel-linux-x86_64-debian-gcc, r-devel-linux-x86_64-fedora-clang, r-devel-linux-x86_64-fedora-gcc, r-devel-windows-x86_64, r-patched-linux-x86_64, r-release-linux-x86_64, r-release-macos-arm64, r-release-macos-x86_64, r-release-windows-x86_64, r-oldrel-macos-arm64, r-oldrel-macos-x86_64, r-oldrel-windows-ix86+x86_64