Last updated on 2025-04-29 12:52:49 CEST.
Flavor | Version | Tinstall | Tcheck | Ttotal | Status | Flags |
---|---|---|---|---|---|---|
r-devel-linux-x86_64-debian-clang | 0.1.0 | 7.50 | 59.48 | 66.98 | NOTE | |
r-devel-linux-x86_64-debian-gcc | 0.1.0 | 5.82 | 44.19 | 50.01 | NOTE | |
r-devel-linux-x86_64-fedora-clang | 0.1.0 | 109.09 | OK | |||
r-devel-linux-x86_64-fedora-gcc | 0.1.0 | 100.98 | OK | |||
r-devel-windows-x86_64 | 0.1.0 | 8.00 | 69.00 | 77.00 | OK | |
r-patched-linux-x86_64 | 0.1.0 | 7.44 | 57.22 | 64.66 | OK | |
r-release-linux-x86_64 | 0.1.0 | 7.08 | 56.68 | 63.76 | OK | |
r-release-macos-arm64 | 0.1.0 | 36.00 | OK | |||
r-release-macos-x86_64 | 0.1.0 | 64.00 | OK | |||
r-release-windows-x86_64 | 0.1.0 | 8.00 | 70.00 | 78.00 | OK | |
r-oldrel-macos-arm64 | 0.1.0 | 33.00 | OK | |||
r-oldrel-macos-x86_64 | 0.1.0 | 50.00 | OK | |||
r-oldrel-windows-x86_64 | 0.1.0 | 10.00 | 81.00 | 91.00 | OK |
Version: 0.1.0
Check: CRAN incoming feasibility
Result: NOTE
Maintainer: ‘Sheerin Dahwan Aziz <sheerindahwan@gmail.com>’
No Authors@R field in DESCRIPTION.
Please add one, modifying
Authors@R: c(person(given = "Azka",
family = "Ubaidillah",
role = "aut"),
person(given = c("Sheerin", "Dahwan"),
family = "Aziz",
role = c("aut", "cre"),
email = "sheerindahwan@gmail.com"))
as necessary.
Flavors: r-devel-linux-x86_64-debian-clang, r-devel-linux-x86_64-debian-gcc