CRAN Package Check Results for Package sGMRFmix

Last updated on 2022-06-27 11:50:55 CEST.

Flavor Version Tinstall Tcheck Ttotal Status Flags
r-devel-linux-x86_64-debian-clang 0.3.0 7.29 653.23 660.52 NOTE
r-devel-linux-x86_64-debian-gcc 0.3.0 5.33 405.11 410.44 NOTE
r-devel-linux-x86_64-fedora-clang 0.3.0 707.28 NOTE
r-devel-linux-x86_64-fedora-gcc 0.3.0 728.40 NOTE
r-devel-windows-x86_64 0.3.0 18.00 548.00 566.00 NOTE
r-patched-linux-x86_64 0.3.0 4.17 600.49 604.66 NOTE
r-release-linux-x86_64 0.3.0 4.59 600.02 604.61 NOTE
r-release-macos-arm64 0.3.0 147.00 NOTE
r-release-macos-x86_64 0.3.0 258.00 NOTE
r-release-windows-x86_64 0.3.0 25.00 525.00 550.00 NOTE
r-oldrel-macos-arm64 0.3.0 224.00 NOTE
r-oldrel-macos-x86_64 0.3.0 289.00 NOTE
r-oldrel-windows-ix86+x86_64 0.3.0 17.00 685.00 702.00 NOTE

Check Details

Version: 0.3.0
Check: LazyData
Result: NOTE
     'LazyData' is specified without a 'data' directory
Flavors: r-devel-linux-x86_64-debian-clang, r-devel-linux-x86_64-debian-gcc, r-devel-linux-x86_64-fedora-clang, r-devel-linux-x86_64-fedora-gcc, r-devel-windows-x86_64, r-patched-linux-x86_64, r-release-linux-x86_64, r-release-macos-arm64, r-release-macos-x86_64, r-release-windows-x86_64, r-oldrel-macos-arm64, r-oldrel-macos-x86_64, r-oldrel-windows-ix86+x86_64