Last updated on 2022-07-02 12:53:14 CEST.
Flavor | Version | Tinstall | Tcheck | Ttotal | Status | Flags |
---|---|---|---|---|---|---|
r-devel-linux-x86_64-debian-clang | 0.1.2 | 5.04 | 69.38 | 74.42 | NOTE | |
r-devel-linux-x86_64-debian-gcc | 0.1.2 | 4.59 | 50.17 | 54.76 | NOTE | |
r-devel-linux-x86_64-fedora-clang | 0.1.2 | 96.95 | NOTE | |||
r-devel-linux-x86_64-fedora-gcc | 0.1.2 | 100.11 | NOTE | |||
r-devel-windows-x86_64 | 0.1.2 | 13.00 | 91.00 | 104.00 | NOTE | |
r-patched-linux-x86_64 | 0.1.2 | 4.29 | 65.70 | 69.99 | NOTE | |
r-release-linux-x86_64 | 0.1.2 | 4.86 | 65.89 | 70.75 | NOTE | |
r-release-macos-arm64 | 0.1.2 | 27.00 | NOTE | |||
r-release-macos-x86_64 | 0.1.2 | 41.00 | NOTE | |||
r-release-windows-x86_64 | 0.1.2 | 21.00 | 93.00 | 114.00 | NOTE | |
r-oldrel-macos-arm64 | 0.1.2 | 39.00 | NOTE | |||
r-oldrel-macos-x86_64 | 0.1.2 | 57.00 | NOTE | |||
r-oldrel-windows-ix86+x86_64 | 0.1.2 | 14.00 | 93.00 | 107.00 | NOTE |
Version: 0.1.2
Check: LazyData
Result: NOTE
'LazyData' is specified without a 'data' directory
Flavors: r-devel-linux-x86_64-debian-clang, r-devel-linux-x86_64-debian-gcc, r-devel-linux-x86_64-fedora-clang, r-devel-linux-x86_64-fedora-gcc, r-devel-windows-x86_64, r-patched-linux-x86_64, r-release-linux-x86_64, r-release-macos-arm64, r-release-macos-x86_64, r-release-windows-x86_64, r-oldrel-macos-arm64, r-oldrel-macos-x86_64, r-oldrel-windows-ix86+x86_64
Version: 0.1.2
Check: dependencies in R code
Result: NOTE
Namespace in Imports field not imported from: ‘R6’
All declared Imports should be used.
Flavors: r-devel-linux-x86_64-fedora-clang, r-devel-linux-x86_64-fedora-gcc, r-release-macos-arm64, r-release-macos-x86_64, r-oldrel-macos-arm64, r-oldrel-macos-x86_64