CRAN Package Check Results for Package rzentra

Last updated on 2023-02-02 11:54:15 CET.

Flavor Version Tinstall Tcheck Ttotal Status Flags
r-devel-linux-x86_64-debian-clang 0.1.0 6.76 56.86 63.62 NOTE
r-devel-linux-x86_64-debian-gcc 0.1.0 5.36 41.78 47.14 NOTE
r-devel-linux-x86_64-fedora-clang 0.1.0 89.10 NOTE
r-devel-linux-x86_64-fedora-gcc 0.1.0 81.02 NOTE
r-patched-linux-x86_64 0.1.0 5.57 54.13 59.70 NOTE
r-release-linux-x86_64 0.1.0 6.56 59.70 66.26 NOTE
r-release-macos-arm64 0.1.0 35.00 NOTE
r-release-macos-x86_64 0.1.0 52.00 NOTE
r-release-windows-x86_64 0.1.0 19.00 93.00 112.00 NOTE
r-oldrel-macos-arm64 0.1.0 31.00 NOTE
r-oldrel-macos-x86_64 0.1.0 41.00 NOTE
r-oldrel-windows-ix86+x86_64 0.1.0 15.00 79.00 94.00 NOTE

Check Details

Version: 0.1.0
Check: LazyData
Result: NOTE
     'LazyData' is specified without a 'data' directory
Flavors: r-devel-linux-x86_64-debian-clang, r-devel-linux-x86_64-debian-gcc, r-devel-linux-x86_64-fedora-clang, r-devel-linux-x86_64-fedora-gcc, r-patched-linux-x86_64, r-release-linux-x86_64, r-release-macos-arm64, r-release-macos-x86_64, r-release-windows-x86_64, r-oldrel-macos-arm64, r-oldrel-macos-x86_64, r-oldrel-windows-ix86+x86_64