Last updated on 2024-04-18 12:52:59 CEST.
Flavor | Version | Tinstall | Tcheck | Ttotal | Status | Flags |
---|---|---|---|---|---|---|
r-devel-linux-x86_64-debian-clang | 2.0.12 | 104.62 | 74.22 | 178.84 | OK | |
r-devel-linux-x86_64-debian-gcc | 2.0.12 | 82.15 | 55.12 | 137.27 | OK | |
r-devel-linux-x86_64-fedora-clang | 2.0.12 | 226.24 | OK | |||
r-devel-linux-x86_64-fedora-gcc | 2.0.12 | 238.88 | OK | |||
r-prerel-macos-arm64 | 2.0.12 | 54.00 | NOTE | |||
r-prerel-macos-x86_64 | 2.0.12 | 131.00 | NOTE | |||
r-prerel-windows-x86_64 | 2.0.12 | 81.00 | 98.00 | 179.00 | OK | |
r-patched-linux-x86_64 | 2.0.12 | 96.57 | 70.53 | 167.10 | OK | |
r-release-linux-x86_64 | 2.0.12 | 97.02 | 73.39 | 170.41 | OK | |
r-release-macos-arm64 | 2.0.12 | 64.00 | NOTE | |||
r-release-macos-x86_64 | 2.0.12 | 102.00 | NOTE | |||
r-release-windows-x86_64 | 2.0.12 | 105.00 | 117.00 | 222.00 | OK | |
r-oldrel-macos-arm64 | 2.0.12 | 61.00 | NOTE | |||
r-oldrel-windows-x86_64 | 2.0.12 | 84.00 | 112.00 | 196.00 | OK |
Version: 2.0.12
Check: installed package size
Result: NOTE
installed size is 6.9Mb
sub-directories of 1Mb or more:
libs 6.7Mb
Flavors: r-prerel-macos-arm64, r-prerel-macos-x86_64, r-release-macos-arm64, r-release-macos-x86_64, r-oldrel-macos-arm64